{"id":159,"date":"2008-10-18T23:11:26","date_gmt":"2008-10-18T21:11:26","guid":{"rendered":"http:\/\/jerome.tiphene.free.fr\/hdb\/?page_id=159"},"modified":"2008-10-19T19:48:39","modified_gmt":"2008-10-19T17:48:39","slug":"les-bois","status":"publish","type":"page","link":"https:\/\/www.harmoniedeblois.fr\/?page_id=159","title":{"rendered":"Les Bois"},"content":{"rendered":"<p>Les bois se caract\u00e9risent par leur syst\u00e8me d&rsquo;\u00e9mission du son constitu\u00e9 soit par un biseau comme les fl\u00fbtes, soit par la vibration d&rsquo;une anche simple comme la clarinette ou double comme le hautbois.<\/p>\n<p>Si certains sont en m\u00e9tal comme les saxophones, en cristal comme quelques fl\u00fbtes traversi\u00e8res, en ivoire comme des hautbois baroques ou en plastique comme beaucoup de fl\u00fbtes \u00e0 bec, la grande majorit\u00e9, encore de nos jours, est fabriqu\u00e9e avec toutes sortes d&rsquo;essences de bois, d&rsquo;o\u00f9 le nom de la famille.<\/p>\n<p>Peu importe donc la mati\u00e8re dans laquelle ils sont fabriqu\u00e9s, pour appartenir \u00e0 la famille des bois, les instruments doivent avoir :<\/p>\n<ul>\n<li>soit un biseau, le souffle d&rsquo;air s&rsquo;y fend et cr\u00e9e le son, principe dit du \u00ab\u00a0sifflet\u00a0\u00bb,<\/li>\n<li>soit une anche simple, mise en vibration par un souffle d&rsquo;air, principe du \u00ab\u00a0brin d&rsquo;herbe\u00a0\u00bb entre les pouces que l&rsquo;on fait vibrer,<\/li>\n<li>soit une anche double, \u00e9galement mise en vibration par un souffle d&rsquo;air, principe du \u00ab\u00a0ballon de baudruche\u00a0\u00bb que l&rsquo;on d\u00e9gonfle en tirant des deux c\u00f4t\u00e9s de son extr\u00e9mit\u00e9.<\/li>\n<\/ul>\n<p>&nbsp;<\/p>\n<p>Quelques instruments de cette famille (liste non exhaustive) :<\/p>\n<ul>\n<li><a href=\"index.php?page_id=41\">la fl\u00fbte traversi\u00e8re <em>(biseau)<\/em>,<\/a><\/li>\n<li><a href=\"index.php?page_id=39\">la clarinette <em>(anche simple)<\/em>,<\/a><\/li>\n<li><a href=\"index.php?page_id=49\">le saxophone <em>(anche simple)<\/em>,<\/a><\/li>\n<li><a href=\"index.php?page_id=215\">le hautbois <em>(anche double)<\/em>,<\/a><\/li>\n<li><a href=\"index.php?page_id=219\">le basson <em>(anche double)<\/em>.<\/a><\/li>\n<\/ul>\n","protected":false},"excerpt":{"rendered":"<p>Les bois se caract\u00e9risent par leur syst\u00e8me d&rsquo;\u00e9mission du son constitu\u00e9 soit par un biseau comme les fl\u00fbtes, soit par la vibration d&rsquo;une anche simple comme la clarinette ou double comme le hautbois. Si certains sont en m\u00e9tal comme les saxophones, en cristal comme quelques fl\u00fbtes traversi\u00e8res, en ivoire comme des hautbois baroques ou en [&hellip;]<\/p>\n","protected":false},"author":1,"featured_media":0,"parent":0,"menu_order":0,"comment_status":"open","ping_status":"open","template":"","meta":{"footnotes":""},"class_list":["post-159","page","type-page","status-publish","hentry"],"_links":{"self":[{"href":"https:\/\/www.harmoniedeblois.fr\/index.php?rest_route=\/wp\/v2\/pages\/159","targetHints":{"allow":["GET"]}}],"collection":[{"href":"https:\/\/www.harmoniedeblois.fr\/index.php?rest_route=\/wp\/v2\/pages"}],"about":[{"href":"https:\/\/www.harmoniedeblois.fr\/index.php?rest_route=\/wp\/v2\/types\/page"}],"author":[{"embeddable":true,"href":"https:\/\/www.harmoniedeblois.fr\/index.php?rest_route=\/wp\/v2\/users\/1"}],"replies":[{"embeddable":true,"href":"https:\/\/www.harmoniedeblois.fr\/index.php?rest_route=%2Fwp%2Fv2%2Fcomments&post=159"}],"version-history":[{"count":0,"href":"https:\/\/www.harmoniedeblois.fr\/index.php?rest_route=\/wp\/v2\/pages\/159\/revisions"}],"wp:attachment":[{"href":"https:\/\/www.harmoniedeblois.fr\/index.php?rest_route=%2Fwp%2Fv2%2Fmedia&parent=159"}],"curies":[{"name":"wp","href":"https:\/\/api.w.org\/{rel}","templated":true}]}}