{"id":16,"date":"2008-05-18T00:38:56","date_gmt":"2008-05-17T22:38:56","guid":{"rendered":"http:\/\/jerome.tiphene.free.fr\/hdb\/?page_id=16"},"modified":"2009-03-04T12:47:07","modified_gmt":"2009-03-04T11:47:07","slug":"les-exterieurs","status":"publish","type":"page","link":"https:\/\/www.harmoniedeblois.fr\/?page_id=16","title":{"rendered":"Les ext\u00e9rieurs&#8230;"},"content":{"rendered":"<p>L&rsquo;Harmonie de Blois a eu l&rsquo;occasion de se produire \u00e0 l&rsquo;\u00e9tranger.<\/p>\n<p>1996 fut l&rsquo;ann\u00e9e de notre visite \u00e0 nos amis de Lewis.<\/p>\n<p>2004 s&rsquo;est plac\u00e9e sous le signe de l&rsquo;Allemagne, avec un s\u00e9jour musical \u00e0 Waldshut du 20 au 23 mai.<\/p>\n<p><img loading=\"lazy\" decoding=\"async\" class=\"centered\" title=\"waldshut1\" src=\"officiel\/images\/2008\/05\/waldshut1.jpg\" alt=\"Le p'tit mot d'accueil\" width=\"500\" height=\"375\" \/><\/p>\n<p style=\"text-align: center;\"><em>Le p&rsquo;tit mot d&rsquo;accueil<\/em><\/p>\n<p style=\"text-align: center;\">&nbsp;<\/p>\n<p><img loading=\"lazy\" decoding=\"async\" class=\"centered\" title=\"waldshut2\" src=\"officiel\/images\/2008\/05\/waldshut2.jpg\" alt=\"Ca laisse r\u00eaveur\" width=\"500\" height=\"375\" \/><\/p>\n<p style=\"text-align: center;\"><em>Ca laisse r\u00eaveur&#8230;<\/em><\/p>\n<p style=\"text-align: center;\">&nbsp;<\/p>\n<p><img loading=\"lazy\" decoding=\"async\" class=\"centered\" title=\"waldshut3\" src=\"officiel\/images\/2008\/05\/waldshut3.jpg\" alt=\"Nos amis Allemands en concert\" width=\"500\" height=\"218\" \/><\/p>\n<p style=\"text-align: center;\"><em>Nos amis Allemands en concert<\/em><\/p>\n<p style=\"text-align: center;\">&nbsp;<\/p>\n<p><img loading=\"lazy\" decoding=\"async\" class=\"centered\" title=\"waldshut4\" src=\"officiel\/images\/2008\/05\/waldshut4.jpg\" alt=\"PROOOOOOOSSSTTTTT\" width=\"500\" height=\"375\" \/><\/p>\n<p style=\"text-align: center;\"><em>PROOOOOOOSSSTTTTT<\/em><\/p>\n","protected":false},"excerpt":{"rendered":"<p>L&rsquo;Harmonie de Blois a eu l&rsquo;occasion de se produire \u00e0 l&rsquo;\u00e9tranger. 1996 fut l&rsquo;ann\u00e9e de notre visite \u00e0 nos amis de Lewis. 2004 s&rsquo;est plac\u00e9e sous le signe de l&rsquo;Allemagne, avec un s\u00e9jour musical \u00e0 Waldshut du 20 au 23 mai. Le p&rsquo;tit mot d&rsquo;accueil &nbsp; Ca laisse r\u00eaveur&#8230; &nbsp; Nos amis Allemands en concert [&hellip;]<\/p>\n","protected":false},"author":1,"featured_media":0,"parent":0,"menu_order":0,"comment_status":"open","ping_status":"open","template":"","meta":{"footnotes":""},"class_list":["post-16","page","type-page","status-publish","hentry"],"_links":{"self":[{"href":"https:\/\/www.harmoniedeblois.fr\/index.php?rest_route=\/wp\/v2\/pages\/16","targetHints":{"allow":["GET"]}}],"collection":[{"href":"https:\/\/www.harmoniedeblois.fr\/index.php?rest_route=\/wp\/v2\/pages"}],"about":[{"href":"https:\/\/www.harmoniedeblois.fr\/index.php?rest_route=\/wp\/v2\/types\/page"}],"author":[{"embeddable":true,"href":"https:\/\/www.harmoniedeblois.fr\/index.php?rest_route=\/wp\/v2\/users\/1"}],"replies":[{"embeddable":true,"href":"https:\/\/www.harmoniedeblois.fr\/index.php?rest_route=%2Fwp%2Fv2%2Fcomments&post=16"}],"version-history":[{"count":4,"href":"https:\/\/www.harmoniedeblois.fr\/index.php?rest_route=\/wp\/v2\/pages\/16\/revisions"}],"predecessor-version":[{"id":347,"href":"https:\/\/www.harmoniedeblois.fr\/index.php?rest_route=\/wp\/v2\/pages\/16\/revisions\/347"}],"wp:attachment":[{"href":"https:\/\/www.harmoniedeblois.fr\/index.php?rest_route=%2Fwp%2Fv2%2Fmedia&parent=16"}],"curies":[{"name":"wp","href":"https:\/\/api.w.org\/{rel}","templated":true}]}}