{"id":173,"date":"2008-10-18T23:37:22","date_gmt":"2008-10-18T21:37:22","guid":{"rendered":"http:\/\/jerome.tiphene.free.fr\/hdb\/?page_id=173"},"modified":"2009-03-04T21:41:21","modified_gmt":"2009-03-04T20:41:21","slug":"les-cuivres","status":"publish","type":"page","link":"https:\/\/www.harmoniedeblois.fr\/?page_id=173","title":{"rendered":"Les Cuivres"},"content":{"rendered":"<p>Contrairement \u00e0 ce que leur nom laisse penser, ce n&rsquo;est pas la mati\u00e8re qui est d\u00e9terminante dans cette classification, mais la similarit\u00e9 de technique utilis\u00e9e par le sonneur pour produire le son : faire vibrer la colonne d&rsquo;air expir\u00e9e par la vibration des l\u00e8vres, et transmettre cette vibration (la plupart du temps au moyen d&rsquo;une embouchure) \u00e0 un corps sonore pr\u00e9sentant l&rsquo;aspect d&rsquo;un tube qui peut \u00eatre de longueur variable.<\/p>\n<p>Ainsi, m\u00eame si la majorit\u00e9 des cuivres modernes sont en laiton (un alliage \u00e0 base de cuivre et de zinc) certains \u00ab cuivres \u00bb ne sont pas en m\u00e9tal, mais en bois (cor des Alpes), en bois recouvert de cuir (cornets \u00e0 bouquin et serpents), en fibre de verre (certains soubassophones).<\/p>\n<p>Les \u00ab cuivres \u00bb rudimentaires pouvaient m\u00eame \u00eatre en os, corne ou ivoire (oliphant), terre cuite, coquillage (p\u00f9 polyn\u00e9sien), roseau, ou toute mati\u00e8re pouvant pr\u00e9senter l&rsquo;aspect d&rsquo;un tube. <\/p>\n<p>&nbsp;<\/p>\n<p>Les cuivres qui composent notre orchestre sont les suivants :<\/p>\n<ul>\n<li><a href=\"?page_id=51\">la trompette,<\/a><\/li>\n<li><a href=\"?page_id=182\">le tuba,<\/a><\/li>\n<li><a href=\"?page_id=203\">le trombone,<\/a><\/li>\n<li><a href=\"?page_id=194\">le cor.<\/a><\/li>\n<\/ul>\n<p style=\"text-align: center;\">\n<a href=\"officiel\/images\/2008\/10\/tuba.png\" rel=\"lightbox[cuivre]\" title=\"Le tuba\"><img loading=\"lazy\" decoding=\"async\" src=\"officiel\/images\/2008\/10\/tuba-55x100.png\" alt=\"Le tuba\" title=\"Le tuba\" width=\"55\" height=\"100\"\/><\/a><a href=\"officiel\/images\/2008\/10\/trombone.png\" rel=\"lightbox[cuivre]\" title=\"Le trombone \u00e0 coulisse\"><img loading=\"lazy\" decoding=\"async\" src=\"officiel\/images\/2008\/10\/trombone-100x58.png\" alt=\"Le trombone \u00e0 coulisse\" title=\"Le trombone \u00e0 coulisse\" width=\"100\" height=\"58\"\/><\/a><a href=\"officiel\/images\/2008\/10\/cor.png\" rel=\"lightbox[cuivre]\" title=\"Le cor\"><img loading=\"lazy\" decoding=\"async\" src=\"officiel\/images\/2008\/10\/cor-100x66.png\" alt=\"Le cor\" title=\"Le cor\" width=\"100\" height=\"66\"\/><\/a><\/p>\n","protected":false},"excerpt":{"rendered":"<p>Contrairement \u00e0 ce que leur nom laisse penser, ce n&rsquo;est pas la mati\u00e8re qui est d\u00e9terminante dans cette classification, mais la similarit\u00e9 de technique utilis\u00e9e par le sonneur pour produire le son : faire vibrer la colonne d&rsquo;air expir\u00e9e par la vibration des l\u00e8vres, et transmettre cette vibration (la plupart du temps au moyen d&rsquo;une [&hellip;]<\/p>\n","protected":false},"author":1,"featured_media":0,"parent":0,"menu_order":0,"comment_status":"open","ping_status":"open","template":"","meta":{"footnotes":""},"class_list":["post-173","page","type-page","status-publish","hentry"],"_links":{"self":[{"href":"https:\/\/www.harmoniedeblois.fr\/index.php?rest_route=\/wp\/v2\/pages\/173","targetHints":{"allow":["GET"]}}],"collection":[{"href":"https:\/\/www.harmoniedeblois.fr\/index.php?rest_route=\/wp\/v2\/pages"}],"about":[{"href":"https:\/\/www.harmoniedeblois.fr\/index.php?rest_route=\/wp\/v2\/types\/page"}],"author":[{"embeddable":true,"href":"https:\/\/www.harmoniedeblois.fr\/index.php?rest_route=\/wp\/v2\/users\/1"}],"replies":[{"embeddable":true,"href":"https:\/\/www.harmoniedeblois.fr\/index.php?rest_route=%2Fwp%2Fv2%2Fcomments&post=173"}],"version-history":[{"count":2,"href":"https:\/\/www.harmoniedeblois.fr\/index.php?rest_route=\/wp\/v2\/pages\/173\/revisions"}],"predecessor-version":[{"id":368,"href":"https:\/\/www.harmoniedeblois.fr\/index.php?rest_route=\/wp\/v2\/pages\/173\/revisions\/368"}],"wp:attachment":[{"href":"https:\/\/www.harmoniedeblois.fr\/index.php?rest_route=%2Fwp%2Fv2%2Fmedia&parent=173"}],"curies":[{"name":"wp","href":"https:\/\/api.w.org\/{rel}","templated":true}]}}