{"id":224,"date":"2008-11-08T17:35:46","date_gmt":"2008-11-08T15:35:46","guid":{"rendered":"http:\/\/jerome.tiphene.free.fr\/hdb\/?page_id=224"},"modified":"2009-03-08T10:54:26","modified_gmt":"2009-03-08T09:54:26","slug":"concert-de-printemps-2005","status":"publish","type":"page","link":"https:\/\/www.harmoniedeblois.fr\/?page_id=224","title":{"rendered":"Concert de printemps 2005"},"content":{"rendered":"<p><a href=\"officiel\/images\/affiches\/HdB-050320.pdf\" target=\"_blank\"><img loading=\"lazy\" decoding=\"async\" src=\"officiel\/images\/affiches\/050320.jpg\" alt=\"Affiche du concert\" class=\"alignleft\" width=\"70\" height=\"100\"\/><\/a><\/p>\n<div class=\"descriptif_concert\">\n<p>Date : 20 mars 2005.<\/p>\n<p>Lieu : Halle aux Grains de Blois.<\/p>\n<p>Ce concert est plac\u00e9 sous le signe du voyage et des Musiques du Monde.<br \/>Apr\u00e8s La Quintessenza et Pearl Hearbor, embarquons ensemble pour Isra\u00ebl, les Cara\u00efbes, l&rsquo;Iran, et l&rsquo;Irlande.<\/p>\n<\/div>\n<h3 class=\"entracte\">Premi\u00e8re partie<\/h3>\n<div class=\"morceau\">\n<h4 class=\"morceau_titre\">La Quintessenza<\/h4>\n<p class=\"morceau_compositeur\">Johan DE MEIJ<\/p>\n<div class=\"morceau_description\">N\u00e9 en 1953 aux Pays-Bas, Johan De Meij a commenc\u00e9 sa carri\u00e8re en \u00e9tudiant le trombone au Conservatoire Royal de la Haye. Musicien accompli, il a jou\u00e9 pendant 14 ans dans l&rsquo;un des ensembles de cuivres les plus prestigieux d&rsquo;Europe : le Dutch Brass Sextet. Il est aujourd&rsquo;hui membre de plusieurs orchestres professionnels. Parall\u00e8lement \u00e0 sa pratique du trombone, Johan De Meij a travaill\u00e9 la direction d&rsquo;orchestre. Il est souvent invit\u00e9 \u00e0 diriger des orchestres d&rsquo;harmonie et animer des master-class dans le monde entier, notamment en Europe ou au Japon.<br \/>\nJohan De Meij s&rsquo;est aussi illustr\u00e9 comme un brillant compositeur et arrangeur, essentiellement pour orchestre d&rsquo;harmonie. En 1990, il \u00e9crit \u00ab\u00a0Pentagram\u00a0\u00bb pour fanfare, bas\u00e9 sur un motif de 5 notes utilis\u00e9es dans plusieurs variations. A la demande des Carroll County Public Schools du Maryland aux Etats-Unis, \u00ab\u00a0Pentagram\u00a0\u00bb est r\u00e9vis\u00e9 en 1997, r\u00e9orchestr\u00e9 pour orchestre d&rsquo;harmonie, et devient \u00ab\u00a0La Quintessenza\u00a0\u00bb.<\/div>\n<\/div>\n<hr\/>\n<div class=\"morceau\">\n<h4 class=\"morceau_titre\">Pearl Harbor<\/h4>\n<p class=\"morceau_compositeur\">Hans ZIMMER<\/p>\n<div class=\"morceau_description\">Apr\u00e8s avoir produit \u00ab\u00a0Armageddon\u00a0\u00bb en 1998, Jerry Bruckheimer s\u2019associe \u00e0 nouveau au r\u00e9alisateur Michael Bay afin de cr\u00e9er un succ\u00e8s \u00e0 l\u2019image du \u00ab\u00a0Titanic\u00a0\u00bb de James Cameron. Ils choisissent ainsi de porter \u00e0 l\u2019\u00e9cran en 2001 l\u2019attaque de Pearl Harbor, qui opposa les troupes am\u00e9ricaines et japonaises pendant la Seconde Guerre Mondiale.<br \/>L\u2019aspect historique est renforc\u00e9 par la pr\u00e9sence de Rafe McCawley et Danny Walker, amis d\u2019enfance et pilotes de l\u2019arm\u00e9e de l\u2019air am\u00e9ricaine, qui attendent de partir au front. Rafe tombe \u00e9perdument amoureux de l\u2019infirmi\u00e8re Evelyn Johnson, mais celle-ci est envoy\u00e9e \u00e0 Pearl harbor avec Danny. Quelques temps plus tard, ils apprennent que Rafe est d\u00e9c\u00e9d\u00e9, et trouvent un peu de r\u00e9confort l\u2019un avec l\u2019autre. Mais Rafe est en fait bien vivant : il arrive \u00e0 Pearl Harbor, et doit d\u00e9laisser son amertume pour combattre aux c\u00f4t\u00e9s de son ami. Nous sommes en effet le 7 d\u00e9cembre 1941, jour de l\u2019attaque surprise des bombardiers japonais.<\/div>\n<\/div>\n<hr\/>\n<div class=\"morceau\">\n<h4 class=\"morceau_titre\">Shalom !<\/h4>\n<p class=\"morceau_compositeur\">Philip SPARKE<\/p>\n<div class=\"morceau_description\">Philip Sparke est n\u00e9 \u00e0 Londres en 1951. Il \u00e9tudie la trompette, le piano et la composition au Royal College of Music. C\u2019est l\u00e0 qu\u2019il commence \u00e0 s\u2019int\u00e9resser aux ensembles d\u2019instruments \u00e0 vent (surtout orchestres d\u2019harmonie et brass bands) pour lesquels il \u00e9crit quelques pi\u00e8ces. Fort de cette exp\u00e9rience, plusieurs commandes d\u2019\u0153uvres lui parviennent, notamment par la BBC. Il remportera gr\u00e2ce \u00e0 elles de nombreux concours.<br \/>En 2001, il s\u2019int\u00e9resse \u00e0 la culture juive. La religion, l\u2019histoire et les f\u00eates juives ont leur lot de chansons traditionnelles, que Philip Sparke a transcrites pour orchestre d\u2019harmonie : la victoire de la ville de Shushan, la Havdala qui termine le Shabbath, le Hanerot Halalu pour les bougies de Hanukkah, ou la comm\u00e9moration de Purim.<\/div>\n<\/div>\n<h3 class=\"entracte\">Deuxi\u00e8me partie<\/h3>\n<div class=\"morceau\">\n<h4 class=\"morceau_titre\">Antilliaanse Suite<\/h4>\n<p class=\"morceau_compositeur\">Kees VLAK<\/p>\n<div class=\"morceau_description\">A la vue des merveilleuses \u00eeles des Cara\u00efbes, le compositeur et arrangeur Kees Vlak a \u00e9crit une suite d\u00e9crivant 3 d\u2019entre elles :<\/p>\n<ul>\n<li>Aruba, situ\u00e9e dans la mer des Antilles, et compos\u00e9e de nombreux groupes ethniques mais essentiellement de cr\u00e9oles antillais, qui parlent une langue \u00e0 base de portugais : le papiamento<\/li>\n<li>Bonaire, une des derni\u00e8res \u00eeles pr\u00e9serv\u00e9es des Cara\u00efbes, tr\u00e8s affectionn\u00e9e par les plongeurs sous-marins pour la clart\u00e9 de l\u2019eau et la beaut\u00e9 des r\u00e9cifs<\/li>\n<li>Cura\u00e7ao, la plus grande \u00eele des Antilles n\u00e9erlandaises, qui fut autrefois le point central du commerce d\u2019esclaves des Cara\u00efbes.<\/li>\n<\/ul>\n<\/div>\n<\/div>\n<hr\/>\n<div class=\"morceau\">\n<h4 class=\"morceau_titre\">Sur un March\u00e9 Persan<\/h4>\n<p class=\"morceau_compositeur\">Albert W. KETELBEY<\/p>\n<div class=\"morceau_description\">N\u00e9 \u00e0 Birmingham en 1885, Albert W. Ketelbey se fait remarquer \u00e0 11 ans par le compositeur Sir Edward Elgar en interpr\u00e9tant une sonate pour piano. A 16 ans, il est d\u00e9j\u00e0 organiste titulaire \u00e0 l\u2019\u00e9glise St-John de Wimbledon. En parall\u00e8le, il travaille la direction d\u2019orchestre, notamment avec le c\u00e9l\u00e8bre Orchestre Royal du Concertgebouw d\u2019Amsterdam.<br \/>Musicien accompli, il a compos\u00e9 plusieurs pi\u00e8ces tr\u00e8s populaires, comme \u00ab\u00a0Dans le Jardin d\u2019un Monast\u00e8re\u00a0\u00bb ou \u00ab\u00a0Sur un March\u00e9 Persan\u00a0\u00bb.<\/div>\n<\/div>\n<hr\/>\n<div class=\"morceau\">\n<h4 class=\"morceau_titre\">Simple Gifts<\/h4>\n<p class=\"morceau_compositeur\">Roland SMEETS<\/p>\n<div class=\"morceau_description\">La danse irlandaise est probablement n\u00e9e des druides qui dansaient pendant leurs rites. Cette danse primitive a \u00e9volu\u00e9 vers 3 groupes :<\/p>\n<ul>\n<li>le C\u00e9il\u00ed (qui utilise des chaussures molles)<\/li>\n<li>les Claquettes (Tapdance, avec des chaussures dures)<\/li>\n<li>le Set Dancing (formations r\u00e9guli\u00e8res par paires).<\/li>\n<\/ul>\n<p>Bien que populaire, la danse irlandaise d\u2019aujourd\u2019hui est difficile \u00e0 pratiquer car seules les jambes bougent : le reste du corps doit rester immobile.<br \/>En 1996, le spectacle \u00ab\u00a0The Lord of the Dance\u00a0\u00bb est cr\u00e9\u00e9, avec le danseur Mickael Flatley comme personnage principal. L\u2019histoire traditionnelle irlandaise y est racont\u00e9e dans un style moderne, \u00e0 travers musique, danse et chants.<\/p>\n<\/div>\n<\/div>\n<div class=\"media_concert\">\n<p><strong>Photos disponibles :<\/strong><\/p>\n<div class=\"media_concert_images\">\n<a title=\"&nbsp;\" href=\"officiel\/images\/concerts\/050320\/050320-01.jpg\" rel=\"lightbox[photo]\"><img loading=\"lazy\" decoding=\"async\" src=\"officiel\/images\/concerts\/050320\/tn_050320-01.jpg\" alt=\"\" width=\"60\" height=\"60\" \/><\/a><a title=\"&nbsp;\" href=\"officiel\/images\/concerts\/050320\/050320-02.jpg\" rel=\"lightbox[photo]\"><img loading=\"lazy\" decoding=\"async\" src=\"officiel\/images\/concerts\/050320\/tn_050320-02.jpg\" alt=\"\" width=\"60\" height=\"60\" \/><\/a><a title=\"&nbsp;\" href=\"officiel\/images\/concerts\/050320\/050320-03.jpg\" rel=\"lightbox[photo]\"><img loading=\"lazy\" decoding=\"async\" src=\"officiel\/images\/concerts\/050320\/tn_050320-03.jpg\" alt=\"\" width=\"60\" height=\"60\" \/><\/a><a title=\"&nbsp;\" href=\"officiel\/images\/concerts\/050320\/050320-04.jpg\" rel=\"lightbox[photo]\"><img loading=\"lazy\" decoding=\"async\" src=\"officiel\/images\/concerts\/050320\/tn_050320-04.jpg\" alt=\"\" width=\"60\" height=\"60\" \/><\/a><a title=\"Thomas &agrave; la Basse\"  href=\"officiel\/images\/concerts\/050320\/050320-05.jpg\" rel=\"lightbox[photo]\"><img loading=\"lazy\" decoding=\"async\" src=\"officiel\/images\/concerts\/050320\/tn_050320-05.jpg\" alt=\"\" width=\"60\" height=\"60\" \/><\/a><a title=\"Didier au Sax T&eacute;nor\" href=\"officiel\/images\/concerts\/050320\/050320-06.jpg\" rel=\"lightbox[photo]\"><img loading=\"lazy\" decoding=\"async\" src=\"officiel\/images\/concerts\/050320\/tn_050320-06.jpg\" alt=\"\" width=\"60\" height=\"60\" \/><\/a><a title=\"La joie d'&ecirc;tre chef avec un orchestre qui joue tout seul\" href=\"officiel\/images\/concerts\/050320\/050320-07.jpg\" rel=\"lightbox[photo]\"><img loading=\"lazy\" decoding=\"async\" src=\"officiel\/images\/concerts\/050320\/tn_050320-07.jpg\" alt=\"\" width=\"60\" height=\"60\" \/><\/a>\n<\/div>\n<p><strong>Articles de presse (&copy; <a href=\"http:\/\/www.lanouvellerepublique.fr\/\" target=\"_blank\">La Nouvelle R\u00e9publique<\/a> &#8211; &copy; <a href=\"http:\/\/www.larenaissance-41.com\/\" target=\"_blank\">La Renaissance du Loir et Cher<\/a>) : <\/strong><\/p>\n<div class=\"media_concert_presse\">\n<a title=\"&nbsp;\" href=\"officiel\/images\/presse\/050320\/050320-01.jpg\" rel=\"lightbox[presse]\"><img loading=\"lazy\" decoding=\"async\" src=\"officiel\/images\/presse\/050320\/tn_050320-01.jpg\" alt=\"\" width=\"120\" height=\"120\" \/><\/a><a title=\"&nbsp;\" href=\"officiel\/images\/presse\/050320\/050320-02.jpg\" rel=\"lightbox[presse]\"><img loading=\"lazy\" decoding=\"async\" src=\"officiel\/images\/presse\/050320\/tn_050320-02.jpg\" alt=\"\" width=\"120\" height=\"120\" \/><\/a>\n<\/div>\n<\/div>\n","protected":false},"excerpt":{"rendered":"<p>Date : 20 mars 2005. Lieu : Halle aux Grains de Blois. Ce concert est plac\u00e9 sous le signe du voyage et des Musiques du Monde.Apr\u00e8s La Quintessenza et Pearl Hearbor, embarquons ensemble pour Isra\u00ebl, les Cara\u00efbes, l&rsquo;Iran, et l&rsquo;Irlande. Premi\u00e8re partie La Quintessenza Johan DE MEIJ N\u00e9 en 1953 aux Pays-Bas, Johan De Meij [&hellip;]<\/p>\n","protected":false},"author":1,"featured_media":0,"parent":240,"menu_order":0,"comment_status":"open","ping_status":"open","template":"","meta":{"footnotes":""},"class_list":["post-224","page","type-page","status-publish","hentry"],"_links":{"self":[{"href":"https:\/\/www.harmoniedeblois.fr\/index.php?rest_route=\/wp\/v2\/pages\/224","targetHints":{"allow":["GET"]}}],"collection":[{"href":"https:\/\/www.harmoniedeblois.fr\/index.php?rest_route=\/wp\/v2\/pages"}],"about":[{"href":"https:\/\/www.harmoniedeblois.fr\/index.php?rest_route=\/wp\/v2\/types\/page"}],"author":[{"embeddable":true,"href":"https:\/\/www.harmoniedeblois.fr\/index.php?rest_route=\/wp\/v2\/users\/1"}],"replies":[{"embeddable":true,"href":"https:\/\/www.harmoniedeblois.fr\/index.php?rest_route=%2Fwp%2Fv2%2Fcomments&post=224"}],"version-history":[{"count":4,"href":"https:\/\/www.harmoniedeblois.fr\/index.php?rest_route=\/wp\/v2\/pages\/224\/revisions"}],"predecessor-version":[{"id":422,"href":"https:\/\/www.harmoniedeblois.fr\/index.php?rest_route=\/wp\/v2\/pages\/224\/revisions\/422"}],"up":[{"embeddable":true,"href":"https:\/\/www.harmoniedeblois.fr\/index.php?rest_route=\/wp\/v2\/pages\/240"}],"wp:attachment":[{"href":"https:\/\/www.harmoniedeblois.fr\/index.php?rest_route=%2Fwp%2Fv2%2Fmedia&parent=224"}],"curies":[{"name":"wp","href":"https:\/\/api.w.org\/{rel}","templated":true}]}}