{"id":228,"date":"2008-11-09T12:30:21","date_gmt":"2008-11-09T10:30:21","guid":{"rendered":"http:\/\/jerome.tiphene.free.fr\/hdb\/?page_id=228"},"modified":"2009-03-08T20:34:08","modified_gmt":"2009-03-08T19:34:08","slug":"concert-avec-orgue","status":"publish","type":"page","link":"https:\/\/www.harmoniedeblois.fr\/?page_id=228","title":{"rendered":"Concert avec Orgue"},"content":{"rendered":"<p><a href=\"officiel\/images\/affiches\/HdB-070704.pdf\" target=\"_blank\"><img loading=\"lazy\" decoding=\"async\" src=\"officiel\/images\/affiches\/070704.jpg\" alt=\"Affiche du concert\" class=\"alignleft\" width=\"70\" height=\"100\"\/><\/a><\/p>\n<div class=\"descriptif_concert\">\n<p>Date : 04 juillet 2007<\/p>\n<p>Lieu : Cath\u00e9drale St Louis de Blois<\/p>\n<p>Dans le cadre du festival Tous sur le Pont, ce concert propose un programme in\u00e9dit. Il associe en effet pour la premi\u00e8re fois l&rsquo;Orchestre d&rsquo;Harmonie et Vincent GRAPPY, organiste titulaire de la Cath\u00e9drale St Louis de Blois.<\/p>\n<\/div>\n<div class=\"entracte\">Orgue seul<\/div>\n<div class=\"morceau\">\n<h4 class=\"morceau_titre\">6<sup>\u00e8me<\/sup> Symphonie pour orgue<br \/><span class=\"morceau_titre2\">1er mouvement<\/span><\/h4>\n<p class=\"morceau_compositeur\">Charles-Marie WIDOR<\/p>\n<div class=\"morceau_description\">N\u00e9 \u00e0 Lyon en 1844 et d\u00e9c\u00e9d\u00e9 \u00e0 Paris en 1937, Charles-Marie Widor est un grand compositeur et organiste. Baign\u00e9 depuis l\u2019enfance dans la musique gr\u00e2ce \u00e0 son p\u00e8re, organiste de Saint-Fran\u00e7ois de Sales \u00e0 Lyon, il commence \u00e0 int\u00e9grer la vie musicale parisienne par sa musique de chambre avec harmonium. En 1870, il devient organiste de l\u2019orgue Cavaill\u00e9-Coll de Saint-Sulpice \u00e0 Paris. A la mort de C\u00e9sar Franck en 1890, il lui succ\u00e8de comme titulaire de la classe d\u2019orgue du Conservatoire de Paris, o\u00f9 il enseigne notamment \u00e0 Louis Vienne, Marcel Dupr\u00e9, Arthur Honegger ou Darius Milhaud. Grand improvisateur, il sait mettre en avant la diversit\u00e9 de timbres des orgues Cavaill\u00e9-Coll, en repoussant toujours les limites de cet instrument, sans aucune bride technique. Ses compositions sont d\u2019ailleurs consid\u00e9r\u00e9es comme des symphonies, au m\u00eame rang qu\u2019un orchestre. Cette Symphonie pour orgue est la 6<sup>\u00e8me<\/sup> des 10 compos\u00e9es par Charles-Marie Widor.<\/div>\n<\/div>\n<div class=\"entracte\">Orchestre seul<\/div>\n<div class=\"morceau\">\n<h4 class=\"morceau_titre\">Aurora<\/h4>\n<p class=\"morceau_compositeur\">Thomas DOSS<\/p>\n<div class=\"morceau_description\">N\u00e9 en 1966 \u00e0 Linz en Autriche, Thomas Doss commence \u00e0 \u00e9tudier la musique \u00e0 7 ans par le cor et le trombone. A 11 ans, il se tourne vers la composition. Pendant un stage aux studios Universal \u00e0 Los Angeles en Californie, il a m\u00eame l\u2019opportunit\u00e9 de travailler avec John Williams (\u00abStar Wars\u00bb, \u00abET\u00bb, &#8230;) pour plusieurs musiques de films. Laur\u00e9at de nombreux prix de composition, il affectionne particuli\u00e8rement les orchestres d\u2019harmonie pour lesquels il intervient dans la formation de nombreux chefs en Haute-Autriche. En parall\u00e8le de ses \u00e9tudes d\u2019\u00e9criture, il travaille aussi la direction d\u2019orchestre, avec l\u2019Orchestre de Chambre de Vienne ou l\u2019Orchestre Philarmonique de Budweiss par exemples. A 24 ans il est m\u00eame nomm\u00e9 chef permanent de l\u2019Orchestre National de Quedlinburg en Allemagne. A travers Aurora, Thomas Doss utilise l\u2019imagerie musicale pour illustrer les diff\u00e9rentes fa\u00e7ons de saluer les premi\u00e8res lueurs du jour selon les cultures et les civilisations.<\/div>\n<\/div>\n<div class=\"entracte\">Orgue et Orchestre<\/div>\n<div class=\"morceau\">\n<h4 class=\"morceau_titre\">Concerto pour orgue, cordes et timbales<\/h4>\n<p class=\"morceau_compositeur\">Francis POULENC<\/p>\n<div class=\"morceau_description\">Francis Poulenc na\u00eet \u00e0 Paris en 1899 et s\u2019y \u00e9teint en 1963. Gr\u00e2ce \u00e0 sa m\u00e8re musicienne, il \u00e9tudie le piano et compose d\u00e9j\u00e0 de petites pi\u00e8ces \u00e0 l\u2019\u00e2ge de 7 ans. Pendant ses cours avec le pianiste Ricardo Vi\u00f1es, il rencontre Erik Satie qui influencera beaucoup son style. Il fait partie, avec Darius Milhaud, Germaine Tailleferre, Louis Durey, Arthur Honegger et Georges Auric, du \u00abGroupe des six\u00bb, qui rejettent le go\u00fbt de l\u2019\u00e9poque pour le romantisme et l\u2019impressionnisme. Aimant beaucoup la po\u00e9sie, il met notamment en musique des \u0153uvres de Guillaume Apollinaire (\u00abLe Bestiaire\u00bb) ou Paul Eluard (\u00abLe Travail du Peintre\u00bb) et accompagne souvent le baryton Pierre Bernac sur ces m\u00e9lodies. En 1938, il termine son \u00abConcerto pour orgue\u00bb, command\u00e9 par la princesse de Polignac. Dans ce genre, \u00e0 la diff\u00e9rence de la \u00abSymphonie\u00bb ou du \u00abColloque\u00bb, l\u2019orgue n\u2019est pas trait\u00e9 fondu dans la masse orchestrale, mais est accompagn\u00e9 par un orchestre r\u00e9duit permettant sa mise en valeur.<\/div>\n<\/div>\n<div class=\"entracte\">Orgue seul<\/div>\n<div class=\"morceau\">\n<h4 class=\"morceau_titre\">Danse Macabre et Symphonie avec orgue<\/h4>\n<p class=\"morceau_compositeur\">Camille SAINT-SAENS<\/p>\n<div class=\"morceau_description\">Compositeur fran\u00e7ais n\u00e9 \u00e0 Paris en 1835 et \u00e9teint \u00e0 Alger en 1921, Camille Saint-Sa\u00ebns est \u00e9lev\u00e9 par sa m\u00e8re et sa grand-tante Charlotte Masson, gr\u00e2ce \u00e0 qui il devient un prodige du piano. A 11 ans, il se produit d\u00e9j\u00e0 \u00e0 la salle Pleyel, avec notamment un concerto de Mozart o\u00f9 il joue une cadence qu\u2019il a \u00e9crite lui-m\u00eame. Il entre au Conservatoire \u00e0 13 ans, et travaille l\u2019orgue avec Benoist et la composition avec Hal\u00e9vy. Sa notori\u00e9t\u00e9 grandissant, il est nomm\u00e9 organiste de l\u2019\u00e9glise Saint-Merry \u00e0 Paris, puis \u00e0 La Madeleine. Son talent suscite l\u2019admiration de Hector Berlioz et Franz Liszt, avec qui il cr\u00e9era son op\u00e9ra \u00abSamson et Dalila\u00bb. En 1871, il a souhait\u00e9 mettre en valeur la musique fran\u00e7aise en fondant la Soci\u00e9t\u00e9 Nationale de Musique, qui cr\u00e9era notamment des \u0153uvres de Claude Debussy ou Maurice Ravel. Il est le premier en France \u00e0 composer dans un nouveau genre, le Po\u00e8me Symphonique : \u00abLe Rouet d\u2019Omphale\u00bb en 1871, \u00abPha\u00e9ton\u00bb en 1873, et la fameuse \u00abDanse macabre\u00bb en 1874.<br \/>A l\u2019origine pour orchestre symphonique, la \u00abDanse macabre\u00bb est \u00e9crite d\u2019apr\u00e8s un po\u00e8me \u00e9ponyme de d\u2019Henri Cazalis, et en d\u00e9crit l\u2019ambiance par le jeu des diff\u00e9rents instruments : le xylophone (jusqu\u2019\u00e0 maintenant inutilis\u00e9 en orchestre) pour les squelettes, le violon pour la mort elle-m\u00eame, ou le hautbois pour le chant du coq final. Le th\u00e8me principal sera repris par Camille Saint-Sa\u00ebns lui-m\u00eame dans le mouvement \u00abFossiles\u00bb du \u00abCarnaval des animaux\u00bb en 1886. La m\u00eame ann\u00e9e, il termine sa 5\u00e8me symphonie, d\u00e9di\u00e9e \u00e0 Franz Liszt. Mettant de c\u00f4t\u00e9 ses \u0153uvres de jeunesse, cette symphonie est en fait consid\u00e9r\u00e9e comme la 3<sup>\u00e8me<\/sup>, et a la particularit\u00e9 d\u2019utiliser un piano (\u00e0 4 mains) et un orgue (notamment dans ce dernier mouvement), mais pas avec le r\u00f4le soliste habituel. Cette symphonie a \u00e9t\u00e9 cr\u00e9\u00e9e \u00e0 Londres le 19 mai 1886.<\/div>\n<\/div>\n<div class=\"media_concert\">\n<p><strong>Articles de presse : (&copy; <a href=\"http:\/\/www.lanouvellerepublique.fr\/\" target=\"_blank\">La Nouvelle R\u00e9publique<\/a>)<\/strong><\/p>\n<div class=\"media_concert_presse\">\n<a title=\"&nbsp;\" href=\"officiel\/images\/presse\/070704\/070704-01.jpg\" rel=\"lightbox[presse]\"><img loading=\"lazy\" decoding=\"async\" src=\"officiel\/images\/presse\/070704\/tn_070704-01.jpg\" alt=\"\" width=\"120\" height=\"120\" \/><\/a><a title=\"&nbsp;\" href=\"officiel\/images\/presse\/070704\/070704-02.jpg\" rel=\"lightbox[presse]\"><img loading=\"lazy\" decoding=\"async\" src=\"officiel\/images\/presse\/070704\/tn_070704-02.jpg\" alt=\"\" width=\"120\" height=\"120\" \/><\/a><a title=\"&nbsp;\" href=\"officiel\/images\/presse\/070704\/070704-03.jpg\" rel=\"lightbox[presse]\"><img loading=\"lazy\" decoding=\"async\" src=\"officiel\/images\/presse\/070704\/tn_070704-03.jpg\" alt=\"\" width=\"120\" height=\"120\" \/><\/a><a title=\"&nbsp;\" href=\"officiel\/images\/presse\/070704\/070704-04.jpg\" rel=\"lightbox[presse]\"><img loading=\"lazy\" decoding=\"async\" src=\"officiel\/images\/presse\/070704\/tn_070704-04.jpg\" alt=\"\" width=\"120\" height=\"120\" \/><\/a>\n<\/div>\n<p>Article sur la page du festival : <a href=\"http:\/\/www.toussurlepont.com\/article.php3?id_article=35\" target=\"_blank\" title=\"Tous sur le Pont\">ici<\/a><\/p>\n<\/div>\n","protected":false},"excerpt":{"rendered":"<p>Date : 04 juillet 2007 Lieu : Cath\u00e9drale St Louis de Blois Dans le cadre du festival Tous sur le Pont, ce concert propose un programme in\u00e9dit. Il associe en effet pour la premi\u00e8re fois l&rsquo;Orchestre d&rsquo;Harmonie et Vincent GRAPPY, organiste titulaire de la Cath\u00e9drale St Louis de Blois. Orgue seul 6\u00e8me Symphonie pour orgue1er [&hellip;]<\/p>\n","protected":false},"author":1,"featured_media":0,"parent":240,"menu_order":0,"comment_status":"open","ping_status":"open","template":"","meta":{"footnotes":""},"class_list":["post-228","page","type-page","status-publish","hentry"],"_links":{"self":[{"href":"https:\/\/www.harmoniedeblois.fr\/index.php?rest_route=\/wp\/v2\/pages\/228","targetHints":{"allow":["GET"]}}],"collection":[{"href":"https:\/\/www.harmoniedeblois.fr\/index.php?rest_route=\/wp\/v2\/pages"}],"about":[{"href":"https:\/\/www.harmoniedeblois.fr\/index.php?rest_route=\/wp\/v2\/types\/page"}],"author":[{"embeddable":true,"href":"https:\/\/www.harmoniedeblois.fr\/index.php?rest_route=\/wp\/v2\/users\/1"}],"replies":[{"embeddable":true,"href":"https:\/\/www.harmoniedeblois.fr\/index.php?rest_route=%2Fwp%2Fv2%2Fcomments&post=228"}],"version-history":[{"count":5,"href":"https:\/\/www.harmoniedeblois.fr\/index.php?rest_route=\/wp\/v2\/pages\/228\/revisions"}],"predecessor-version":[{"id":229,"href":"https:\/\/www.harmoniedeblois.fr\/index.php?rest_route=\/wp\/v2\/pages\/228\/revisions\/229"}],"up":[{"embeddable":true,"href":"https:\/\/www.harmoniedeblois.fr\/index.php?rest_route=\/wp\/v2\/pages\/240"}],"wp:attachment":[{"href":"https:\/\/www.harmoniedeblois.fr\/index.php?rest_route=%2Fwp%2Fv2%2Fmedia&parent=228"}],"curies":[{"name":"wp","href":"https:\/\/api.w.org\/{rel}","templated":true}]}}

<p><a href="officiel/images/affiches/HdB-070704.pdf" target="_blank"><img loading="lazy" decoding="async" src="officiel/images/affiches/070704.jpg" alt="Affiche du concert" class="alignleft" width="70" height="100"/></a></p>
<div class="descriptif_concert">
<p>Date : 04 juillet 2007</p>
<p>Lieu : Cathédrale St Louis de Blois</p>
<p>Dans le cadre du festival Tous sur le Pont, ce concert propose un programme inédit. Il associe en effet pour la première fois l&rsquo;Orchestre d&rsquo;Harmonie et Vincent GRAPPY, organiste titulaire de la Cathédrale St Louis de Blois.</p>
</div>
<div class="entracte">Orgue seul</div>
<div class="morceau">
<h4 class="morceau_titre">6<sup>ème</sup> Symphonie pour orgue<br /><span class="morceau_titre2">1er mouvement</span></h4>
<p class="morceau_compositeur">Charles-Marie WIDOR</p>
<div class="morceau_description">Né à Lyon en 1844 et décédé à Paris en 1937, Charles-Marie Widor est un grand compositeur et organiste. Baigné depuis l’enfance dans la musique grâce à son père, organiste de Saint-François de Sales à Lyon, il commence à intégrer la vie musicale parisienne par sa musique de chambre avec harmonium. En 1870, il devient organiste de l’orgue Cavaillé-Coll de Saint-Sulpice à Paris. A la mort de César Franck en 1890, il lui succède comme titulaire de la classe d’orgue du Conservatoire de Paris, où il enseigne notamment à Louis Vienne, Marcel Dupré, Arthur Honegger ou Darius Milhaud. Grand improvisateur, il sait mettre en avant la diversité de timbres des orgues Cavaillé-Coll, en repoussant toujours les limites de cet instrument, sans aucune bride technique. Ses compositions sont d’ailleurs considérées comme des symphonies, au même rang qu’un orchestre. Cette Symphonie pour orgue est la 6<sup>ème</sup> des 10 composées par Charles-Marie Widor.</div>
</div>
<div class="entracte">Orchestre seul</div>
<div class="morceau">
<h4 class="morceau_titre">Aurora</h4>
<p class="morceau_compositeur">Thomas DOSS</p>
<div class="morceau_description">Né en 1966 à Linz en Autriche, Thomas Doss commence à étudier la musique à 7 ans par le cor et le trombone. A 11 ans, il se tourne vers la composition. Pendant un stage aux studios Universal à Los Angeles en Californie, il a même l’opportunité de travailler avec John Williams («Star Wars», «ET», &#8230;) pour plusieurs musiques de films. Lauréat de nombreux prix de composition, il affectionne particulièrement les orchestres d’harmonie pour lesquels il intervient dans la formation de nombreux chefs en Haute-Autriche. En parallèle de ses études d’écriture, il travaille aussi la direction d’orchestre, avec l’Orchestre de Chambre de Vienne ou l’Orchestre Philarmonique de Budweiss par exemples. A 24 ans il est même nommé chef permanent de l’Orchestre National de Quedlinburg en Allemagne. A travers Aurora, Thomas Doss utilise l’imagerie musicale pour illustrer les différentes façons de saluer les premières lueurs du jour selon les cultures et les civilisations.</div>
</div>
<div class="entracte">Orgue et Orchestre</div>
<div class="morceau">
<h4 class="morceau_titre">Concerto pour orgue, cordes et timbales</h4>
<p class="morceau_compositeur">Francis POULENC</p>
<div class="morceau_description">Francis Poulenc naît à Paris en 1899 et s’y éteint en 1963. Grâce à sa mère musicienne, il étudie le piano et compose déjà de petites pièces à l’âge de 7 ans. Pendant ses cours avec le pianiste Ricardo Viñes, il rencontre Erik Satie qui influencera beaucoup son style. Il fait partie, avec Darius Milhaud, Germaine Tailleferre, Louis Durey, Arthur Honegger et Georges Auric, du «Groupe des six», qui rejettent le goût de l’époque pour le romantisme et l’impressionnisme. Aimant beaucoup la poésie, il met notamment en musique des œuvres de Guillaume Apollinaire («Le Bestiaire») ou Paul Eluard («Le Travail du Peintre») et accompagne souvent le baryton Pierre Bernac sur ces mélodies. En 1938, il termine son «Concerto pour orgue», commandé par la princesse de Polignac. Dans ce genre, à la différence de la «Symphonie» ou du «Colloque», l’orgue n’est pas traité fondu dans la masse orchestrale, mais est accompagné par un orchestre réduit permettant sa mise en valeur.</div>
</div>
<div class="entracte">Orgue seul</div>
<div class="morceau">
<h4 class="morceau_titre">Danse Macabre et Symphonie avec orgue</h4>
<p class="morceau_compositeur">Camille SAINT-SAENS</p>
<div class="morceau_description">Compositeur français né à Paris en 1835 et éteint à Alger en 1921, Camille Saint-Saëns est élevé par sa mère et sa grand-tante Charlotte Masson, grâce à qui il devient un prodige du piano. A 11 ans, il se produit déjà à la salle Pleyel, avec notamment un concerto de Mozart où il joue une cadence qu’il a écrite lui-même. Il entre au Conservatoire à 13 ans, et travaille l’orgue avec Benoist et la composition avec Halévy. Sa notoriété grandissant, il est nommé organiste de l’église Saint-Merry à Paris, puis à La Madeleine. Son talent suscite l’admiration de Hector Berlioz et Franz Liszt, avec qui il créera son opéra «Samson et Dalila». En 1871, il a souhaité mettre en valeur la musique française en fondant la Société Nationale de Musique, qui créera notamment des œuvres de Claude Debussy ou Maurice Ravel. Il est le premier en France à composer dans un nouveau genre, le Poème Symphonique : «Le Rouet d’Omphale» en 1871, «Phaéton» en 1873, et la fameuse «Danse macabre» en 1874.<br />A l’origine pour orchestre symphonique, la «Danse macabre» est écrite d’après un poème éponyme de d’Henri Cazalis, et en décrit l’ambiance par le jeu des différents instruments : le xylophone (jusqu’à maintenant inutilisé en orchestre) pour les squelettes, le violon pour la mort elle-même, ou le hautbois pour le chant du coq final. Le thème principal sera repris par Camille Saint-Saëns lui-même dans le mouvement «Fossiles» du «Carnaval des animaux» en 1886. La même année, il termine sa 5ème symphonie, dédiée à Franz Liszt. Mettant de côté ses œuvres de jeunesse, cette symphonie est en fait considérée comme la 3<sup>ème</sup>, et a la particularité d’utiliser un piano (à 4 mains) et un orgue (notamment dans ce dernier mouvement), mais pas avec le rôle soliste habituel. Cette symphonie a été créée à Londres le 19 mai 1886.</div>
</div>
<div class="media_concert">
<p><strong>Articles de presse : (&copy; <a href="http://www.lanouvellerepublique.fr/" target="_blank">La Nouvelle République</a>)</strong></p>
<div class="media_concert_presse">
<a title="&nbsp;" href="officiel/images/presse/070704/070704-01.jpg" rel="lightbox[presse]"><img loading="lazy" decoding="async" src="officiel/images/presse/070704/tn_070704-01.jpg" alt="" width="120" height="120" /></a><a title="&nbsp;" href="officiel/images/presse/070704/070704-02.jpg" rel="lightbox[presse]"><img loading="lazy" decoding="async" src="officiel/images/presse/070704/tn_070704-02.jpg" alt="" width="120" height="120" /></a><a title="&nbsp;" href="officiel/images/presse/070704/070704-03.jpg" rel="lightbox[presse]"><img loading="lazy" decoding="async" src="officiel/images/presse/070704/tn_070704-03.jpg" alt="" width="120" height="120" /></a><a title="&nbsp;" href="officiel/images/presse/070704/070704-04.jpg" rel="lightbox[presse]"><img loading="lazy" decoding="async" src="officiel/images/presse/070704/tn_070704-04.jpg" alt="" width="120" height="120" /></a>
</div>
<p>Article sur la page du festival : <a href="http://www.toussurlepont.com/article.php3?id_article=35" target="_blank" title="Tous sur le Pont">ici</a></p>
</div>

<p>Date : 04 juillet 2007 Lieu : Cathédrale St Louis de Blois Dans le cadre du festival Tous sur le Pont, ce concert propose un programme inédit. Il associe en effet pour la première fois l&rsquo;Orchestre d&rsquo;Harmonie et Vincent GRAPPY, organiste titulaire de la Cathédrale St Louis de Blois. Orgue seul 6ème Symphonie pour orgue1er [&hellip;]</p>
