{"id":737,"date":"2014-12-02T18:31:50","date_gmt":"2014-12-02T16:31:50","guid":{"rendered":"http:\/\/www.harmoniedeblois.fr\/?page_id=737"},"modified":"2015-02-01T22:10:06","modified_gmt":"2015-02-01T20:10:06","slug":"prochain-concert-noel-2014","status":"publish","type":"page","link":"https:\/\/www.harmoniedeblois.fr\/?page_id=737","title":{"rendered":"Concert de No\u00ebl 2014"},"content":{"rendered":"<p><a href=\"officiel\/images\/affiches\/HdB-141221.pdf\" target=\"_blank\"><img loading=\"lazy\" decoding=\"async\" src=\"officiel\/images\/affiches\/141221.jpg\" alt=\"Affiche du concert\" class=\"alignleft\" width=\"70\" height=\"100\"\/><\/a><\/p>\n<div class=\"descriptif_concert\">\n<p>Lieu : Halle aux Grains de Blois<\/p>\n<p>Date : 21 d\u00e9cembre 2014<br \/>&nbsp;<\/p>\n<p>Avec la participation de l&rsquo;Harmonie de Montfort en Chalosse<\/p>\n<\/div>\n<h3 class=\"entracte\">Premi\u00e8re partie (Montfort en Chalosse puis Harmonie de Blois)<\/h3>\n<p><img loading=\"lazy\" decoding=\"async\" width=\"500\" height=\"178\" class=\"centered\" alt=\"Harmonie de Montfort en Chalosse\" src=\"http:\/\/www.harmoniedeblois.fr\/officiel\/images\/concerts\/141221\/montfort.jpg\" \/><\/p>\n<p>Chef-lieu de canton du pays de Montfort, la commune de Montfort en Chalosse recense 1300 habitants environ. Situ\u00e9 au Nord-ouest de la Chalosse, \u00e0 18 km de Dax, sur les Chemins de Saint Jacques de Compostelle, le Belv\u00e9d\u00e8re de la Chalosse culmine \u00e0 110 m\u00e8tres d&rsquo;altitude. Le bourg domine un paysage de collines et d&rsquo;opulents coteaux. Les nombreux points de cr\u00eate offrent au regard la beaut\u00e9 d&rsquo;une campagne sereine, bocage, chemins creux, champs c\u00e9r\u00e9aliers, bois cachant palombi\u00e8res et champignons&#8230;<\/p>\n<p>Officiellement cr\u00e9\u00e9e en 1883 sous le nom de Fanfare Montfortoise, c&rsquo;est en mars 1946 qu&rsquo;elle prend son entit\u00e9 d&rsquo;Harmonie Municipale de Montfort en Chalosse. Aujourd&rsquo;hui compos\u00e9e d&rsquo;une cinquantaine de musiciens, l&rsquo;Harmonie interpr\u00e8te ses plus beaux morceaux lors de son traditionnel concert de la Sainte C\u00e9cile, de son Concert de Printemps et dans l&rsquo;animation des nombreuses f\u00eates votives locales.<\/p>\n<p>Admirablement dirig\u00e9e depuis dix ans par Jean-Pierre Labaste, l&rsquo;Harmonie interpr\u00e8te aujourd&rsquo;hui une partie de son programme musical.<\/p>\n<hr\/>\n<div class=\"morceau\">\n<h4 class=\"morceau_titre\">Portraits of Spain<\/h4>\n<p class=\"morceau_compositeur\">Teo Barberan<\/p>\n<div class=\"morceau_description\">\n<p>Cette &oelig;uvre du compositeur et chef d&rsquo;orchestre espagnol Teo Barberan est une fantaisie d&rsquo;inspiration musicale typiquement espagnole. En entr\u00e9e, il nous propose une \u00ab seguidillas\u00a0\u00bb, \u00e0 la rythmique communicative, suivie d&rsquo;une superbe romance andalouse empreinte d&rsquo;exotisme. On entend alors poindre \u00e0 l&rsquo;oreille un air de \u00ab fandango\u00a0\u00bb et en final, un \u00ab copla\u00a0\u00bb m\u00e9diterran\u00e9en pour les amateurs du style espagnol et de sa musique.<\/p>\n<\/div>\n<\/div>\n<hr\/>\n<div class=\"morceau\">\n<h4 class=\"morceau_titre\">Conga del fuego nuevo<\/h4>\n<p class=\"morceau_compositeur\">Arturo M\u00e1rquez<\/p>\n<div class=\"morceau_description\">\n<p>Cr\u00e9\u00e9e par Arturo Marquez, dont vous entendrez une autre pi\u00e8ce en deuxi\u00e8me partie, cette &oelig;uvre latino-am\u00e9ricaine typique, au temp\u00e9rament et au rythme consid\u00e9rable, nous entra\u00eene dans un tourbillon de nuances et de puissance. \u00c9coutez cette m\u00e9lodie au style mexicain l\u00e9ger et fougueux\u00a0!<\/p>\n<\/div>\n<\/div>\n<hr\/>\n<div class=\"morceau\">\n<h4 class=\"morceau_titre\">Concerto pour trompette et orchestre<\/h4>\n<p class=\"morceau_compositeur\">Alexandre Aroutiounian<br \/><span class=\"morceau_arrangeur\">arr. R. Castelain<\/span><\/p>\n<div class=\"morceau_description\">\n<p>Pianiste et compositeur arm\u00e9nien d\u00e9c\u00e9d\u00e9 en 2012, Alexandre Aroutiounian a toujours port\u00e9 un grand int\u00e9r\u00eat aux cuivres. Sensibilis\u00e9 d\u00e8s son enfance aux sonorit\u00e9s des ensembles de cuivres, il a m\u00e9moris\u00e9 profond\u00e9ment les m\u00e9lodies. Il a \u00e9tudi\u00e9 au conservatoire d&rsquo;\u00c9tat d&rsquo;Erevan la composition et le piano puis est parti \u00e0 Moscou pour apprendre l&rsquo;orchestration. Apr\u00e8s l&rsquo;obtention de son dipl\u00f4me, il est retourn\u00e9 en Arm\u00e9nie pour enseigner au conservatoire d&rsquo;\u00c9tat d&rsquo;Erevan et est devenu en 1954 le directeur artistique de l&rsquo;orchestre philharmonique d&rsquo;Arm\u00e9nie.<\/p>\n<p>Il a remport\u00e9 un vif succ\u00e8s en Arm\u00e9nie comme \u00e0 l&rsquo;\u00e9tranger gr\u00e2ce \u00e0 ses &oelig;uvres inspir\u00e9es pour la plupart de la musique folklorique traditionnelle arm\u00e9nienne.<\/p>\n<p>Une de ses &oelig;uvres les plus c\u00e9l\u00e8bres est le Concerto pour Trompette,  compos\u00e9 en 1950. L&rsquo;origine de ce concerto se trouve dans l&rsquo;enfance d&rsquo;Aroutiounian\u00a0: en vacances dans un petit village, il s&rsquo;\u00e9tait li\u00e9 d&rsquo;amiti\u00e9 avec un jeune trompettiste, Zolak Vartasarian. Plus tard, devenu premi\u00e8re trompette \u00e0 l&rsquo;Op\u00e9ra d&rsquo;Erevan, Zolak avait demand\u00e9 \u00e0 Aroutiounian d&rsquo;inclure dans un concerto pour trompette la m\u00e9lodie qu&rsquo;il venait de lui jouer et qu&rsquo;il appr\u00e9ciait particuli\u00e8rement. Mais en 1943, Zolak a \u00e9t\u00e9 mobilis\u00e9 et n&rsquo;est jamais revenu de la guerre.<\/p>\n<p>Ce concerto pour trompette a \u00e9t\u00e9 interpr\u00e9t\u00e9 par les plus grands trompettistes du monde tel Timofei Dokchitser mais aussi par Maurice Andr\u00e9 ou plus r\u00e9cemment Ibrahim Maalouf.<\/p>\n<p>Aujourd&rsquo;hui, l&rsquo;orchestre d&rsquo;harmonie de Blois est heureuse d&rsquo;accompagner David Germond, trompettiste au sein de l&rsquo;orchestre, dans ce concerto.<\/p>\n<\/div>\n<\/div>\n<h3 class=\"entracte\">Deuxi\u00e8me partie (les deux harmonies r\u00e9unies)<\/h3>\n<div class=\"morceau\">\n<h4 class=\"morceau_titre\">Misirlou<\/h4>\n<p class=\"morceau_compositeur\"><span class=\"morceau_arrangeur\">arr. Jean-Pierre Labaste<\/span><\/p>\n<div class=\"morceau_description\">\n<p>Misirlou, qui signifie \u00c9gyptienne, est une chanson populaire d&rsquo;origine grecque, chant\u00e9e pour la premi\u00e8re fois en 1927. Il est difficile de d\u00e9terminer qui en a compos\u00e9 la musique, d&rsquo;autant qu&rsquo;il pourrait s&rsquo;agir d&rsquo;une m\u00e9lodie orientale plus ou moins traditionnelle. De ce fait, plusieurs communaut\u00e9s en revendiquent parfois la paternit\u00e9.<\/p>\n<p>Parvenue \u00e0 New York au d\u00e9but des ann\u00e9es 1930, la chanson y conna\u00eet de nouvelles interpr\u00e9tations, notamment par Nick Roubanis, compositeur gr\u00e9co-am\u00e9ricain qui en enregistre une version plus orientale que l&rsquo;originale. Cette nouvelle version sera par la suite la plus r\u00e9pandue, si bien qu&rsquo;il sera le premier \u00e0 \u00eatre consid\u00e9r\u00e9 comme \u00ab\u00a0compositeur\u00a0\u00bb de la musique.<\/p>\n<p>La m\u00e9lodie de la chanson est largement popularis\u00e9e dans les ann\u00e9es 1960 par la version instrumentale du guitariste Dick Dale, en pleine vague de musique surf. C&rsquo;est ainsi que Misirlou devient c\u00e9l\u00e8bre dans la culture occidentale.<\/p>\n<p>L&rsquo;utilisation de cette version par Quentin Tarantino pour la musique de son film Pulp Fiction en 1994 remet la chanson au go\u00fbt du jour, alors que la musique surf est pass\u00e9e de mode depuis longtemps. L&rsquo;ann\u00e9e suivante, Rachid Taha et Steve Hillage l&rsquo;adaptent sous le titre Jungle Fiction sur l&rsquo;album Ol\u00e9 Ol\u00e9. La version \u00ab\u00a0Tarantino\u00a0\u00bb est reprise plus r\u00e9cemment dans la saga Taxi. Le dernier opus en a m\u00eame r\u00e9v\u00e9l\u00e9 une nouvelle variante, remix\u00e9e par les Black Eyed Peas. Il existe de nombreuses reprises de Misirlou, notamment celle des Beach Boys sur leur album Surfin&rsquo;USA et cette chanson a \u00e9t\u00e9 chant\u00e9e lors de la c\u00e9r\u00e9monie de cl\u00f4ture des Jeux Olympiques d&rsquo;Ath\u00e8nes en 2004.<\/p>\n<p>C&rsquo;est un arrangement de Jean-Pierre Labaste que nous vous proposons d&rsquo;\u00e9couter aujourd&rsquo;hui.<\/p>\n<\/div>\n<\/div>\n<hr\/>\n<div class=\"morceau\">\n<h4 class=\"morceau_titre\">Ciocarlia Suite<\/h4>\n<p class=\"morceau_compositeur\"><span class=\"morceau_arrangeur\">arr. Jean-Pierre Labaste<\/span><\/p>\n<div class=\"morceau_description\">\n<p>En octobre 1996, deux Allemands, Helmut Neumann et Henry Ernst, d\u00e9couvrent une fanfare \u00e0 Zece Prajini, petit village \u00e0 l&rsquo;est de la Roumanie. Ils s\u00e9lectionnent les meilleurs \u00e9l\u00e9ments et commencent une tourn\u00e9e en Allemagne. Le succ\u00e8s est imm\u00e9diat et l&rsquo;orchestre, qui animait jusqu&rsquo;alors les mariages et les bapt\u00eames, devient la Fanfare Ciocarlia.<\/p>\n<p>Compos\u00e9e de 12 musiciens, cette fanfare, dont le nom signifie \u00ab\u00a0alouette\u00a0\u00bb, s&rsquo;est forg\u00e9e une solide r\u00e9putation internationale et a enregistr\u00e9 neuf albums. Son r\u00e9pertoire est compos\u00e9 de musiques traditionnelles roumaines aux rythmes endiabl\u00e9s mais aussi de r\u00e9interpr\u00e9tations de grands standards tels que Caravan de Duke Ellington ou le th\u00e8me de James Bond.<\/p>\n<p>Ces Roumains surexcit\u00e9s ont particip\u00e9 deux fois \u00e0 la Balkan Brass Battle, duel au sommet des monstres sacr\u00e9s des fanfares des Balkans.<\/p>\n<p>Ciocarlia suite, pi\u00e8ce arrang\u00e9e par Jean-Pierre Labaste, reprend quelques-uns des th\u00e8mes qui ont fait le succ\u00e8s de cette \u00ab\u00a0fanfare la plus rapide de l&rsquo;est\u00a0\u00bb\u00a0:<\/p>\n<ul>\n<li>moliendo caf\u00e9<\/li>\n<li>hora din petrosnitza<\/li>\n<li>banatzeana<\/li>\n<li>hurichestra<\/li>\n<li>bubamara<\/li>\n<\/ul><\/div>\n<\/div>\n<hr\/>\n<div class=\"morceau\">\n<h4 class=\"morceau_titre\">Danzon n\u00b02<\/h4>\n<p class=\"morceau_compositeur\">Arturo M\u00e1rquez<br \/><span class=\"morceau_arrangeur\">arr. Oliver Nickel<\/span><\/p>\n<div class=\"morceau_description\">\n<p>N\u00e9 \u00e0 Alamos en 1950, Arturo M\u00e1rquez est l&rsquo;un des compositeurs de musique classique contemporaine les plus populaires et les plus fr\u00e9quemment interpr\u00e9t\u00e9s au Mexique. Expos\u00e9 \u00e0 plusieurs styles musicaux pendant son enfance, il commence sa formation musicale en Californie en 1966, puis \u00e9tudie la composition \u00e0 l&rsquo;institut des Beaux-Arts du Mexique.<\/p>\n<p>Au d\u00e9but des ann\u00e9es 90, Arturo M\u00e1rquez utilise comme source d&rsquo;inspiration le danz\u00f3n, genre musical cr\u00e9\u00e9 \u00e0 Cuba vers 1880 par le musicien Miguel Failde, pour \u00e9crire toute une s\u00e9rie de compositions. Celles-ci ont contribu\u00e9 \u00e0 sa renomm\u00e9e internationale. <\/p>\n<p>Le Danz\u00f3n n\u00b02 est assur\u00e9ment la plus connue de ces compositions. Command\u00e9e par l&rsquo;universit\u00e9 autonome du Mexique, cette &oelig;uvre fascinante fait s&rsquo;entrem\u00ealer les atmosph\u00e8res sud-am\u00e9ricaines m\u00e9lancoliques et les rythmes entra\u00eenants.<\/p>\n<p>Elle doit notamment son succ\u00e8s aux prestigieuses prestations du \u00ab\u00a0Simon Bolivar Youth Orchestra\u00a0\u00bb. En effet, cet orchestre symphonique, cr\u00e9\u00e9 dans le but d&rsquo;initier les enfants les plus d\u00e9munis \u00e0 la pratique de la musique classique d\u00e8s l&rsquo;\u00e2ge de 2 ans, l&rsquo;a brillamment interpr\u00e9t\u00e9e au cours de sa tourn\u00e9e en Europe et aux Etats-Unis en 2007, sous la direction du charismatique et talentueux Gustavo Dudamel.<\/p>\n<\/div>\n<\/div>\n<div class=\"media_concert\">\n<p><strong>Articles de presse (\u00a9 <a href=\"http:\/\/www.lanouvellerepublique.fr\/\" target=\"_blank\">La Nouvelle R\u00e9publique<\/a> &nbsp;&#8211;&nbsp; <a href=\"http:\/\/www.larenaissance-41.com\/\" target=\"_blank\">La Renaissance du Loir et Cher<\/a> &nbsp;&#8211;&nbsp; <a href=\"http:\/\/www.30jours.fr\/\" target=\"_blank\">30 jours<\/a>&nbsp;&#8211;&nbsp;<a href=\"http:\/\/www.epicentre-web.fr\/\" target=\"_blank\">Epiquoi<\/a>) : <\/strong><\/p>\n<div class=\"media_concert_presse\"><a title=\"30 jours Pays Blaisois - n\u00b025, d\u00e9cembre 2014\" rel=\"lightbox[presse]\" href=\"officiel\/images\/presse\/141221\/141221-01.jpg\"><img loading=\"lazy\" decoding=\"async\" src=\"officiel\/images\/presse\/141221\/tn_141221-01.jpg\" alt=\"\" height=\"120\" width=\"120\" \/><\/a><a title=\"Epiquoi - n\u00b077, d\u00e9cembre 2014\" rel=\"lightbox[presse]\" href=\"officiel\/images\/presse\/141221\/141221-02.jpg\"><img loading=\"lazy\" decoding=\"async\" src=\"officiel\/images\/presse\/141221\/tn_141221-02.jpg\" alt=\"\" height=\"120\" width=\"120\" \/><\/a><a title=\"La Nouvelle R\u00e9publique - 19 d\u00e9cembre 2014\" rel=\"lightbox[presse]\" href=\"officiel\/images\/presse\/141221\/141221-03.jpg\"><img loading=\"lazy\" decoding=\"async\" src=\"officiel\/images\/presse\/141221\/tn_141221-03.jpg\" alt=\"\" height=\"120\" width=\"120\" \/><\/a><a title=\"La Renaissance - 19 d\u00e9cembre 2014\" rel=\"lightbox[presse]\" href=\"officiel\/images\/presse\/141221\/141221-04.jpg\"><img loading=\"lazy\" decoding=\"async\" src=\"officiel\/images\/presse\/141221\/tn_141221-04.jpg\" alt=\"\" height=\"120\" width=\"120\" \/><\/a><a title=\"La Nouvelle R\u00e9publique - 23 d\u00e9cembre 2014\" rel=\"lightbox[presse]\" href=\"officiel\/images\/presse\/141221\/141221-05.jpg\"><img loading=\"lazy\" decoding=\"async\" src=\"officiel\/images\/presse\/141221\/tn_141221-05.jpg\" alt=\"\" height=\"120\" width=\"120\" \/><\/a><a title=\"La Renaissance - 26 d\u00e9cembre 2014\" rel=\"lightbox[presse]\" href=\"officiel\/images\/presse\/141221\/141221-06.jpg\"><img loading=\"lazy\" decoding=\"async\" src=\"officiel\/images\/presse\/141221\/tn_141221-06.jpg\" alt=\"\" height=\"120\" width=\"120\" \/><\/a><\/div>\n<\/div>\n","protected":false},"excerpt":{"rendered":"<p>Lieu : Halle aux Grains de Blois Date : 21 d\u00e9cembre 2014&nbsp; Avec la participation de l&rsquo;Harmonie de Montfort en Chalosse Premi\u00e8re partie (Montfort en Chalosse puis Harmonie de Blois) Chef-lieu de canton du pays de Montfort, la commune de Montfort en Chalosse recense 1300 habitants environ. Situ\u00e9 au Nord-ouest de la Chalosse, \u00e0 18 [&hellip;]<\/p>\n","protected":false},"author":1,"featured_media":0,"parent":240,"menu_order":0,"comment_status":"open","ping_status":"open","template":"","meta":{"footnotes":""},"class_list":["post-737","page","type-page","status-publish","hentry"],"_links":{"self":[{"href":"https:\/\/www.harmoniedeblois.fr\/index.php?rest_route=\/wp\/v2\/pages\/737","targetHints":{"allow":["GET"]}}],"collection":[{"href":"https:\/\/www.harmoniedeblois.fr\/index.php?rest_route=\/wp\/v2\/pages"}],"about":[{"href":"https:\/\/www.harmoniedeblois.fr\/index.php?rest_route=\/wp\/v2\/types\/page"}],"author":[{"embeddable":true,"href":"https:\/\/www.harmoniedeblois.fr\/index.php?rest_route=\/wp\/v2\/users\/1"}],"replies":[{"embeddable":true,"href":"https:\/\/www.harmoniedeblois.fr\/index.php?rest_route=%2Fwp%2Fv2%2Fcomments&post=737"}],"version-history":[{"count":8,"href":"https:\/\/www.harmoniedeblois.fr\/index.php?rest_route=\/wp\/v2\/pages\/737\/revisions"}],"predecessor-version":[{"id":742,"href":"https:\/\/www.harmoniedeblois.fr\/index.php?rest_route=\/wp\/v2\/pages\/737\/revisions\/742"}],"up":[{"embeddable":true,"href":"https:\/\/www.harmoniedeblois.fr\/index.php?rest_route=\/wp\/v2\/pages\/240"}],"wp:attachment":[{"href":"https:\/\/www.harmoniedeblois.fr\/index.php?rest_route=%2Fwp%2Fv2%2Fmedia&parent=737"}],"curies":[{"name":"wp","href":"https:\/\/api.w.org\/{rel}","templated":true}]}}