{"id":810,"date":"2016-12-04T12:42:46","date_gmt":"2016-12-04T10:42:46","guid":{"rendered":"http:\/\/www.harmoniedeblois.fr\/?page_id=810"},"modified":"2026-01-11T20:05:49","modified_gmt":"2026-01-11T18:05:49","slug":"soutenir-les-projets-de-lharmonie-de-blois","status":"publish","type":"page","link":"https:\/\/www.harmoniedeblois.fr\/?page_id=810","title":{"rendered":"Soutenir les projets de l&rsquo;Harmonie de Blois"},"content":{"rendered":"<p>Vous pouvez dor\u00e9navant soutenir les projets de l&rsquo;Harmonie de Blois en r\u00e9alisant un don financier ponctuel, et b\u00e9n\u00e9ficier en contrepartie d&rsquo;une r\u00e9duction d&rsquo;imp\u00f4t (association d&rsquo;int\u00e9r\u00eat g\u00e9n\u00e9ral \/ articles 200-1 et 238-bis du CGI).<\/p>\n<p>Rappel des r\u00e9ductions fiscales :<\/p>\n<ul>\n<li>Pour les particuliers (article 200 du Code G\u00e9n\u00e9ral des Imp\u00f4ts) : r\u00e9duction de l\u2019imp\u00f4t sur le revenu \u00e0 hauteur de 66% du montant du don, dans la limite de 20% du revenu imposable.<\/li>\n<li>Pour les entreprises (article 238 bis du Code G\u00e9n\u00e9ral des Imp\u00f4ts) : r\u00e9duction de l\u2019imp\u00f4t sur les soci\u00e9t\u00e9s \u00e0 hauteur de 60% du montant du don, dans la limite de 5\u2030 du chiffre d\u2019affaires.<\/li>\n<\/ul>\n<p>Vous pouvez r\u00e9aliser votre don en ligne <a href=\"https:\/\/harmonie-de-blois.assoconnect.com\/collect\/description\/522386-l-soutenez-l-harmonie-de-blois\">[Soutenez l&rsquo;Harmonie de Blois]<\/a> ou t\u00e9l\u00e9charger notre formulaire de don ponctuel, et le retourner compl\u00e9t\u00e9 et sign\u00e9 avec votre ch\u00e8que de don.<\/p>\n<p><a href=\"officiel\/images\/dons\/HarmonieDeBlois-FormulaireDeDonPonctuel.pdf\"><img loading=\"lazy\" decoding=\"async\" class=\"centered\" title=\"Formulaire de don ponctuel\" src=\"officiel\/images\/dons\/formulaire_don.jpg\" alt=\"Formulaire de don ponctuel\" width=\"150\" height=\"200\"><\/a><\/p>\n<p>Pour tous renseignements, contactez notre tr\u00e9sorier (hdbtresorier@hotmail.fr \/ Harmonie de Blois &#8211; 6 rue Franciade &#8211; 41000 Blois).<\/p>\n","protected":false},"excerpt":{"rendered":"<p>Vous pouvez dor\u00e9navant soutenir les projets de l&rsquo;Harmonie de Blois en r\u00e9alisant un don financier ponctuel, et b\u00e9n\u00e9ficier en contrepartie d&rsquo;une r\u00e9duction d&rsquo;imp\u00f4t (association d&rsquo;int\u00e9r\u00eat g\u00e9n\u00e9ral \/ articles 200-1 et 238-bis du CGI). Rappel des r\u00e9ductions fiscales : Pour les particuliers (article 200 du Code G\u00e9n\u00e9ral des Imp\u00f4ts) : r\u00e9duction de l\u2019imp\u00f4t sur le revenu [&hellip;]<\/p>\n","protected":false},"author":1,"featured_media":0,"parent":0,"menu_order":0,"comment_status":"open","ping_status":"open","template":"","meta":{"footnotes":""},"class_list":["post-810","page","type-page","status-publish","hentry"],"_links":{"self":[{"href":"https:\/\/www.harmoniedeblois.fr\/index.php?rest_route=\/wp\/v2\/pages\/810","targetHints":{"allow":["GET"]}}],"collection":[{"href":"https:\/\/www.harmoniedeblois.fr\/index.php?rest_route=\/wp\/v2\/pages"}],"about":[{"href":"https:\/\/www.harmoniedeblois.fr\/index.php?rest_route=\/wp\/v2\/types\/page"}],"author":[{"embeddable":true,"href":"https:\/\/www.harmoniedeblois.fr\/index.php?rest_route=\/wp\/v2\/users\/1"}],"replies":[{"embeddable":true,"href":"https:\/\/www.harmoniedeblois.fr\/index.php?rest_route=%2Fwp%2Fv2%2Fcomments&post=810"}],"version-history":[{"count":6,"href":"https:\/\/www.harmoniedeblois.fr\/index.php?rest_route=\/wp\/v2\/pages\/810\/revisions"}],"predecessor-version":[{"id":1194,"href":"https:\/\/www.harmoniedeblois.fr\/index.php?rest_route=\/wp\/v2\/pages\/810\/revisions\/1194"}],"wp:attachment":[{"href":"https:\/\/www.harmoniedeblois.fr\/index.php?rest_route=%2Fwp%2Fv2%2Fmedia&parent=810"}],"curies":[{"name":"wp","href":"https:\/\/api.w.org\/{rel}","templated":true}]}}