{"id":879,"date":"2018-04-02T23:50:29","date_gmt":"2018-04-02T21:50:29","guid":{"rendered":"http:\/\/www.harmoniedeblois.fr\/?page_id=879"},"modified":"2018-12-02T15:18:46","modified_gmt":"2018-12-02T13:18:46","slug":"prochain-concert-printemps-2018","status":"publish","type":"page","link":"https:\/\/www.harmoniedeblois.fr\/?page_id=879","title":{"rendered":"Concert de printemps 2018"},"content":{"rendered":"<p><a href=\"officiel\/images\/affiches\/HdB-180414.pdf\" target=\"_blank\"><img loading=\"lazy\" decoding=\"async\" src=\"officiel\/images\/affiches\/180414.jpg\" alt=\"Affiche du concert\" class=\"alignleft\" width=\"70\" height=\"100\"\/><\/a><\/p>\n<div class=\"descriptif_concert\">\n<p>Lieu : Halle aux Grains de Blois<\/p>\n<p>Date : 14 avril 2018<\/p>\n<p>&nbsp;<\/p>\n<\/div>\n<h3 class=\"entracte\">Premi\u00e8re partie<\/h3>\n<div class=\"morceau\">\n<h4 class=\"morceau_titre\">Canzone<\/h4>\n<p class=\"morceau_compositeur\">Elliot A. del Borgo<\/p>\n<div class=\"morceau_description\">\n<p>Elliot A. Del Borgo est un musicien am\u00e9ricain (New York 1938 \u2013 2013).<br \/>Il \u00e9tudie la trompette et la composition, avant d&rsquo;enseigner la pratique instrumentale dans les \u00e9coles primaires. Dipl\u00f4m\u00e9 de la Crane School of Music, il int\u00e8gre en 1966 cet \u00e9tablissement d&rsquo;enseignement sup\u00e9rieur de New York pour y occuper pendant pr\u00e8s de 30 ans, des fonctions p\u00e9dagogiques et administratives, et diriger son orchestre d&rsquo;harmonie. Sa renomm\u00e9e internationale en mati\u00e8re de direction d&rsquo;orchestre lui vaut, en 1993, de devenir membre de l&rsquo;Association des Chefs d&rsquo;Orchestre Am\u00e9ricains.<\/p>\n<p>Auteur de plus de 600 &oelig;uvres, il a notamment compos\u00e9 la musique de la c\u00e9r\u00e9monie d&rsquo;ouverture des Jeux Olympiques d&rsquo;hiver de Lake Placid (New York) en 1980. Sa musique est le reflet de l&rsquo;esth\u00e9tique des id\u00e9aux musicaux du XX<sup>\u00e8me<\/sup> si\u00e8cle, \u00e0 travers son \u00e9clectisme et son style tr\u00e8s rythmique, marqu\u00e9 par une grande vigueur harmonique.<\/p>\n<p><cite>Canzone<\/cite> est une de ses nombreuses &oelig;uvres pour orchestre d&rsquo;harmonie.<\/p>\n<\/div>\n<\/div>\n<hr\/>\n<div class=\"morceau\">\n<h4 class=\"morceau_titre\">M\u00e9ditation de Tha&iuml;s<\/h4>\n<p class=\"morceau_compositeur\">Jules Massenet<\/p>\n<div class=\"morceau_description\">\n<p>Jules Massenet est un musicien fran\u00e7ais (Saint-Etienne 1842 \u2013 Paris 1912). Pianiste et compositeur, il laisse une &oelig;uvre essentiellement lyrique, avec vingt-cinq op\u00e9ras (dont les plus c\u00e9l\u00e8bres : <cite>Manon<\/cite>, cr\u00e9\u00e9 en 1884, et <cite>Werther<\/cite> en 1892), mais aussi pianistique et symphonique.<\/p>\n<p><img loading=\"lazy\" decoding=\"async\" src=\"officiel\/images\/concerts\/180414\/thais.jpg\" alt=\"M\u00e9ditation de Thais\" class=\"alignleft\" width=\"74\" height=\"215\"><cite>Tha&iuml;s<\/cite> est un op\u00e9ra en trois actes, tir\u00e9 du roman \u00e9ponyme d&rsquo;Anatole France. Ecrit pour une c\u00e9l\u00e8bre soprano am\u00e9ricaine, muse du compositeur \u00e0 l&rsquo;\u00e9poque, il a \u00e9t\u00e9 cr\u00e9\u00e9 \u00e0 l&rsquo;Op\u00e9ra de Paris le 16 mars 1894, et donn\u00e9 pour la premi\u00e8re fois en province au Grand Th\u00e9\u00e2tre de Reims en janvier 1895. Mais il ne connut v\u00e9ritablement le succ\u00e8s qu&rsquo;une dizaine d&rsquo;ann\u00e9es plus tard, en raison de son sujet sulfureux pour l&rsquo;\u00e9poque.<br \/>Tr\u00e8s typique de son temps, l&rsquo;&oelig;uvre baigne dans un climat de volupt\u00e9 et de religiosit\u00e9 que Massenet excelle \u00e0 traduire. Louis Gallet, le librettiste, n&rsquo;a pas retenu l&rsquo;aspect sceptique, ironique et discr\u00e8tement anticl\u00e9rical du roman d&rsquo;Anatole France.<br \/>L&rsquo;action se d\u00e9roule \u00e0 Alexandrie au IV<sup>\u00e8me<\/sup> si\u00e8cle. Le moine Athana\u00ebl cherche \u00e0 convertir au christianisme Tha\u00efs, courtisane c\u00e9l\u00e8bre et pr\u00eatresse pa\u00efenne vou\u00e9e \u00e0 la d\u00e9esse V\u00e9nus. Il y parvient, mais Tha\u00efs choisit alors de se retirer du monde et de vivre clo\u00eetr\u00e9e dans un couvent, avant d&rsquo;y mourir. Athana\u00ebl d\u00e9couvre trop tard que son obsession pour Tha\u00efs \u00e9tait teint\u00e9e d&rsquo;amour charnel, et, alors que Tha\u00efs meurt dans la joie de la r\u00e9demption, il renie sa foi en d\u00e9sesp\u00e9rant de son propre salut, \u00e0 l&rsquo;inverse de Tha\u00efs.<\/p>\n<p>Le croisement entre ces deux parcours personnels est marqu\u00e9, au milieu de l&rsquo;op\u00e9ra, par la tr\u00e8s c\u00e9l\u00e8bre M\u00e9ditation religieuse de l&rsquo;acte II, confi\u00e9e au violon solo, aujourd&rsquo;hui connue sous le nom de <cite>M\u00e9ditation de Tha&iuml;s<\/cite>.<\/p>\n<\/div>\n<\/div>\n<hr\/>\n<div class=\"morceau\">\n<h4 class=\"morceau_titre\">Profanation<br \/><span class=\"morceau_titre2\">extrait de &laquo; J\u00e9r\u00e9miah, symphonie n\u00b01 &raquo;<\/span><\/h4>\n<p class=\"morceau_compositeur\">Leonard Bernstein<br \/><span class=\"morceau_arrangeur\">Arr : Frank Bencriscutto<\/span><\/p>\n<div class=\"morceau_description\">\n<p>A l&rsquo;occasion du centenaire de sa naissance, nous retrouvons le grand chef d&rsquo;orchestre et compositeur am\u00e9ricain Leonard Bernstein (1918-1990), auteur notamment de la c\u00e9l\u00e8bre com\u00e9die musicale <cite>West Side Story<\/cite>. Parce qu&rsquo;il est un grand inspirateur pour Vincent Ri\u00e8s, Bernstein \u00e9tait d\u00e9j\u00e0 pr\u00e9sent dans le programme du concert de No\u00ebl avec sa <cite>Candide Suite<\/cite>. Notre chef a en effet \u00e0 c&oelig;ur de partager avec les musiciens et le public son admiration pour ce personnage musicalement hors du commun.<\/p>\n<p>L&rsquo;&oelig;uvre pr\u00e9sent\u00e9e aujourd&rsquo;hui est un extrait de la <cite>Symphonie n\u00b01 dite \u00ab Jeremiah \u00bb<\/cite>, compos\u00e9e en 1942. Il s&rsquo;agit d&rsquo;une &oelig;uvre \u00e0 programme, suivant l&rsquo;histoire biblique du proph\u00e8te J\u00e9r\u00e9mie, compos\u00e9e de 3 mouvements, Proph\u00e9tie, Profanation et Lamentation. Cette symphonie a obtenu en 1944 le New York Music Critics&rsquo; Circle Award pour la meilleure &oelig;uvre am\u00e9ricaine. Nous vous proposons d&rsquo;\u00e9couter le second mouvement, Profanation.<\/p>\n<\/div>\n<\/div>\n<hr\/>\n<div class=\"morceau\">\n<h4 class=\"morceau_titre\">Rituel<\/h4>\n<p class=\"morceau_compositeur\">Thierry Muller<\/p>\n<div class=\"morceau_description\">\n<p>Thierry Muller est un musicien fran\u00e7ais, n\u00e9 en 1964. Issu d&rsquo;une famille de musiciens, il pratique la musique depuis son plus jeune \u00e2ge. Il fait ses \u00e9tudes musicales au Conservatoire National de R\u00e9gion de Rouen, puis au Conservatoire National Sup\u00e9rieur de Musique de Paris dans les classes de fl\u00fbte, analyse et harmonie.<\/p>\n<p>Laur\u00e9at de nombreux prix de composition pour orchestre d&rsquo;harmonie, il a \u00e9galement compos\u00e9 des pi\u00e8ces pour fl\u00fbte, trombone, hautbois. Directeur d&rsquo;Ecole de Musique de 1<sup>\u00e8re<\/sup> cat\u00e9gorie, il est depuis 2016 directeur du Conservatoire de Nice.<\/p>\n<p><cite>Rituel<\/cite> est une &oelig;uvre originale pour orchestre d&rsquo;harmonie, \u00e9crite en 2004.<\/p>\n<\/div>\n<\/div>\n<h3 class=\"entracte\">Deuxi\u00e8me partie<\/h3>\n<div class=\"morceau\">\n<h4 class=\"morceau_titre\">Call of Cthulhu<br \/><span class=\"morceau_titre2\">Concerto Fantastique pour Sextuor de Cors et Orchestre<\/span><\/h4>\n<p class=\"morceau_compositeur\">Olivier Calmel<\/p>\n<div class=\"morceau_description\">\n<p><strong>Olivier Calmel<\/strong> est un musicien fran\u00e7ais n\u00e9 en 1974 \u00e0 Paris, dans une famille de musiciens.<br \/>Compositeur, orchestrateur et pianiste, il d\u00e9bute le piano tr\u00e8s jeune et se consacre d\u00e8s lors \u00e0 la composition. Apr\u00e8s des \u00e9tudes de hautbois et de formation musicale, il obtient ses prix d&rsquo;\u00e9criture (harmonie, contrepoint, fugues et formes) et d&rsquo;orchestration \u00e0 Paris.<\/p>\n<p>Des commandes pour solistes, ensembles et orchestres sont \u00e0 l&rsquo;origine de la plupart de ses &oelig;uvres (Orchestre Symphonique de Bretagne, Festival de violoncelle de Beauvais, Garde R\u00e9publicaine, Ma\u00eetrise de Radio France, Violons de France, ArteCombo, solistes de l&rsquo;Orchestre de Suisse Romande, Ch&oelig;ur r\u00e9gional d&rsquo;\u00cele-de-France, Paris Brassband, Gardiens de la Paix, Links, Paris Scoring, SpiriTango,&#8230;).<br \/>Ses &oelig;uvres sont notamment interpr\u00e9t\u00e9es : Th\u00e9\u00e2tre du Ch\u00e2telet, Salle Pleyel, Philharmonie de Paris, Auditorium de Radio France, Grand Rex, Studio 104, Cit\u00e9 de la Musique&#8230; ainsi qu&rsquo;\u00e0 l&rsquo;international.<\/p>\n<p>Passionn\u00e9 depuis longtemps par la musique de film et le rapport musique\/image, il compose la musique de documentaires, courts et moyens m\u00e9trages, films d&rsquo;animation et institutionnels, ainsi que des musiques de jeux vid\u00e9o. Il est \u00e9galement membre du conseil d&rsquo;administration de l&rsquo;Association Fran\u00e7aise pour l&rsquo;Essor des Ensembles \u00e0 Vent.<\/p>\n<p>En tant que pianiste il se produit dans de nombreux lieux de diffusion, salles et festivals (Ch\u00e2telet, Enghien Jazz Festival, Jazz \u00e0 Vannes, Festival Klasik, Jazz \u00e0 Arras, Musiques au Pr\u00e9sent,&#8230;), et est amen\u00e9 \u00e0 collaborer avec de nombreux artistes et directeurs musicaux.<br \/>Professeur d&rsquo;orchestration au Conservatoire Paul Dukas \u00e0 Paris, il est r\u00e9guli\u00e8rement invit\u00e9 \u00e0 donner des master-classes et des conf\u00e9rences, et partage ses activit\u00e9s entre la composition et l&rsquo;orchestration de musiques pour des films, des commandes pour des orchestres et ensembles contemporains et le jazz.<\/p>\n<p style=\"text-align:center;\">Pour en savoir plus : <a href=\"http:\/\/www.oliviercalmel.com\">http:\/\/www.oliviercalmel.com<\/a><\/p>\n<p>DESCRIPTION DU PROJET<\/p>\n<p>En 1926, Howard Phillips Lovecraft, auteur prolifique de nouvelles fantastiques, \u00e9crit <cite>The Call of Cthulhu<\/cite>. Il d\u00e9ploie dans cette histoire tous ses talents pour cr\u00e9er les bases de l&rsquo;&oelig;uvre fondatrice du Mythe de Cthulhu : l&rsquo;horreur cosmique, la sant\u00e9 mentale, la mythologie synth\u00e9tique, la science et ses progr\u00e8s, tout autant que la hi\u00e9rarchie infinie des formes de vie sont pr\u00e9sents dans un univers coh\u00e9rent qui fait de Lovecraft le plus grand artisan du r\u00e9cit classique d&rsquo;horreur du XX<sup>\u00e8me<\/sup> si\u00e8cle.<\/p>\n<p><cite>Call of Cthulhu<\/cite> est un concerto fantastique pour cors et orchestre qui propose de parcourir le mythe des Grands Anciens et d&rsquo;approcher cette divinit\u00e9 plong\u00e9e dans une l\u00e9thargie profonde capable d&rsquo;entrer en contact avec les humains au travers de leurs r\u00eaves.<\/p>\n<p><img loading=\"lazy\" decoding=\"async\" src=\"officiel\/images\/concerts\/180414\/cthulhu.jpg\" width=\"292\" height=\"200\" alt=\"Cthulhu\" class=\"alignleft\" \/>D\u00e9clin\u00e9e en trois parties &#8211; Pr\u00e9sence, Emprise et R\u00e9demption &#8211; cette \u0153uvre met en valeur les larges possibilit\u00e9s instrumentales offertes par le cor \u00e0 travers le cheminement d&rsquo;un personnage fictif d\u00e9butant son p\u00e9riple \u00e0 Dunwich, puis prenant conscience de la pr\u00e9sence des Grands Anciens gr\u00e2ce au Necronomicon, terrifi\u00e9 par la d\u00e9mence qui vient de la mer, et trouvant finalement la Paix dans une r\u00e9demption r\u00eav\u00e9e. <\/p>\n<p>Des sons bouch\u00e9s, du souffle et des traitements en sourdine d\u00e9crivant le paysage myst\u00e9rieux de Nouvelle-Angleterre, aux cris d&rsquo;\u00e9l\u00e9phants, flatterzunge et autres swoop pavillons en l&rsquo;air repr\u00e9sentant les Grands Anciens, en passant par un choral pour le th\u00e8me de Cthulhu, une litanie musicale pour le N\u00e9cronomicon, et une \u00e9criture extr\u00eamement cuivr\u00e9e pour la bataille en mer : chaque \u00e9l\u00e9ment dramatique est d\u00e9velopp\u00e9 avec des modes de jeux sp\u00e9cifiques et trouve sa place dans l&rsquo;univers coh\u00e9rent d\u00e9peint par Lovecraft.<\/p>\n<p>L&rsquo;apaisement sera-t-il de rigueur in fine ? Force est de constater que l&rsquo;auteur de ces lignes ne le sait pas encore&#8230;. <\/p>\n<p style=\"text-align:center\">\u00ab Ph&rsquo;nglui mglw&rsquo;nafh Cthulhu R&rsquo;lyeh wgah&rsquo;nagl fhtagn \u00bb<br \/>\u00ab Dans sa demeure de R&rsquo;lyeh, le d\u00e9funt Cthulhu attend en r\u00eavant \u00bb <\/p>\n<p>PLAN DE L&rsquo;\u0152UVRE<\/p>\n<p style=\"text-align:center\">__________ I<sup>\u00e8re<\/sup> Partie : Pr\u00e9sence __________ <\/p>\n<p>\u00ab Nous vivons sur une \u00eele placide d&rsquo;ignorance, environn\u00e9e de noirs oc\u00e9ans d&rsquo;infinitude que nous n&rsquo;avons pas \u00e9t\u00e9 destin\u00e9s \u00e0 parcourir bien loin. Les sciences, chacune s&rsquo;\u00e9vertuant dans sa propre direction, nous ont jusqu&rsquo;\u00e0 pr\u00e9sent peu nui. Un jour, cependant, la coordination des connaissances \u00e9parses nous ouvrira des perspectives si terrifiantes sur le r\u00e9el et sur l&rsquo;effroyable position que nous y occupons qu&rsquo;il ne nous restera plus qu&rsquo;\u00e0 sombrer dans la folie devant cette r\u00e9v\u00e9lation ou fuir cette lumi\u00e8re mortelle pour nous r\u00e9fugier dans la paix et la s\u00e9curit\u00e9 d&rsquo;un nouvel obscurantisme \u00bb. <\/p>\n<p>1. Dunwich : Moderato &#8211; Myst\u00e9rieux et proph\u00e9tique Cette premi\u00e8re partie installe un paysage fait de myst\u00e8re, de brouillard et d&rsquo;ombres dans la nuit : \u00ab Il \u00e9tait une fois en Nouvelle-Angleterre &#8230; \u00bb <\/p>\n<p>2. Profonds, Shoggoths et autres Grands Anciens : Allegro con fuoco &#8211; Brillant et \u00e9nergique Ce mouvement affirme le r\u00e9veil des Grands Anciens et le culte de Cthulhu. Majestueux et inqui\u00e9tant, \u00e0 la fois brillant et puissant, il d\u00e9veloppe un groove \u00e9nergique. <\/p>\n<p style=\"text-align:center;\">__________ II<sup>\u00e8me<\/sup> Partie : Emprise __________ <\/p>\n<p>3. N\u00e9cronomicon : Allegretto &#8211; Magique et empli de spiritisme Cette partie pr\u00e9sente une litanie musicale sur le texte du N\u00e9cronomicon : \u00ab N&rsquo;est pas mort ce qui \u00e0 jamais dort et au long des \u00e8res \u00e9tranges peut mourir m\u00eame la Mort \u00bb. La musique y d\u00e9veloppe une incantation du culte vaudou, donnant l&rsquo;impression de vivre la proph\u00e9tie de l&rsquo;int\u00e9rieur gr\u00e2ce \u00e0 des m\u00e9langes de modes de jeux, de percussions et de chants liturgiques. <\/p>\n<p>4. La d\u00e9mence qui vint de la mer : Presto con furioso &#8211; Violent et guerrier Ce mouvement incarne la violence d&rsquo;une bataille navale extr\u00eamement mouvement\u00e9e pendant laquelle Cthulhu an\u00e9antit totalement l&rsquo;ensemble des forces en pr\u00e9sence. Les solistes sont de nouveau amen\u00e9s \u00e0 exprimer des \u00e9l\u00e9ments du texte de Lovecraft : \u00ab Nul ne saurait d\u00e9crire le monstre ; aucun langage ne saurait peindre cette vision de folie, ce chaos de cris inarticul\u00e9s, cette hideuse contradiction de toutes les lois de la mati\u00e8re et de l&rsquo;ordre cosmique \u00bb. <\/p>\n<p style=\"text-align:center;\">__________ III<sup>\u00e8me<\/sup> Partie : R\u00e9demption __________ <\/p>\n<p>5. R&rsquo;lyeh : Largo &#8211; Contemplatif et recueilli Le mouvement lent de ce concerto d\u00e9veloppe une musique apais\u00e9e qui semble murmurer : \u00ab Dans sa demeure de R&rsquo;lyeh, le d\u00e9funt Cthulhu attend en r\u00eavant \u00bb. <\/p>\n<p>6. Yog-Sothotheries : Vivace &#8211; Enthousiaste et l\u00e9ger Le final d\u00e9veloppe une th\u00e9matique r\u00e9solument l\u00e9g\u00e8re, \u00e0 l&rsquo;image de la pens\u00e9e de Lovecraft qui n&rsquo;a jamais pris au s\u00e9rieux ses propres r\u00e9cits \u00e0 la lisi\u00e8re du fantastique et de la sciencefiction, et qu&rsquo;il appelait lui-m\u00eame des \u00ab yog-sothotheries \u00bb.<\/p>\n<p>LES SOLISTES<\/p>\n<p>Aujourd&rsquo;hui, vous pourrez entendre au cor : Florian Le Bleis, Arnaud Del\u00e9pine, S\u00e9bastien Mitterrand, Elodie Georget, Jean-Luc Dion et Rodolphe Genesta-Pialat <\/p>\n<\/div>\n<\/div>\n<hr\/>\n<div class=\"morceau\">\n<h4 class=\"morceau_titre\">Star Wars, \u00e9pisode 1 : la menace fant\u00f4me<\/h4>\n<p class=\"morceau_compositeur\">John Williams<br \/><span class=\"morceau_arrangeur\">Arr : Robert W. Smith<\/span><\/p>\n<div class=\"morceau_description\">\n<p>Compositeur am\u00e9ricain de renom n\u00e9 en 1932, c\u00e9l\u00e8bre pour ses musiques de films, John Williams fait \u00e9galement preuve de talents de pianiste et de chef d&rsquo;orchestre. Exer\u00e7ant ses dons dans diff\u00e9rents genres musicaux, il a principalement contribu\u00e9 \u00e0 populariser l&rsquo;usage de l&rsquo;orchestre symphonique au cin\u00e9ma.<\/p>\n<p>Dans les ann\u00e9es soixante-dix, il compose la musique de films catastrophes \u00e0 succ\u00e8s (<cite>La Tour infernale<\/cite>) et int\u00e9resse le jeune r\u00e9alisateur qu&rsquo;est Steven Spielberg. Avec lui commence une longue et fructueuse collaboration, marqu\u00e9e d\u00e8s le d\u00e9but par l&rsquo;Oscar de la meilleure musique de film gr\u00e2ce aux <cite>Dents de la mer<\/cite>. Sur les conseils de Spielberg, George Lucas fait appel \u00e0 lui pour sa grande saga <cite>La guerre des Etoiles<\/cite>. C&rsquo;est un immense succ\u00e8s commercial, qui se confirme et se prolonge avec l&rsquo;\u00e9criture de la plupart des grandes r\u00e9ussites du cin\u00e9ma am\u00e9ricain. A l&rsquo;image de Richard Wagner, il utilise le leitmotiv qui permet d&rsquo;identifier des personnages ou des actions. Sa musique interagit avec les images, son orchestration et le traitement de ses th\u00e8mes font de lui un compositeur de premier plan.<\/p>\n<p>La bande originale de <cite>Star Wars, \u00e9pisode I : la menace fant\u00f4me<\/cite> est compos\u00e9e en 1999, 16&nbsp;ans apr\u00e8s celle de <cite>Star Wars, \u00e9pisode VI : le retour du Jedi<\/cite>.<\/p>\n<\/div>\n<\/div>\n<div class=\"media_concert\">\n<p><strong>Photos disponibles :<\/strong><\/p>\n<div class=\"media_concert_images\"><a title=\" \" rel=\"lightbox[photo]\" href=\"officiel\/images\/concerts\/180414\/180414-01.jpg\"><img loading=\"lazy\" decoding=\"async\" src=\"officiel\/images\/concerts\/180414\/tn_180414-01.jpg\" alt=\"Harmonie de Blois\" width=\"60\" height=\"60\"><\/a><a title=\" \" rel=\"lightbox[photo]\" href=\"officiel\/images\/concerts\/180414\/180414-02.jpg\"><img loading=\"lazy\" decoding=\"async\" src=\"officiel\/images\/concerts\/180414\/tn_180414-02.jpg\" alt=\"Harmonie de Blois\" width=\"60\" height=\"60\"><\/a><a title=\" \" rel=\"lightbox[photo]\" href=\"officiel\/images\/concerts\/180414\/180414-03.jpg\"><img loading=\"lazy\" decoding=\"async\" src=\"officiel\/images\/concerts\/180414\/tn_180414-03.jpg\" alt=\"Harmonie de Blois\" width=\"60\" height=\"60\"><\/a><a title=\" \" rel=\"lightbox[photo]\" href=\"officiel\/images\/concerts\/180414\/180414-04.jpg\"><img loading=\"lazy\" decoding=\"async\" src=\"officiel\/images\/concerts\/180414\/tn_180414-04.jpg\" alt=\"Harmonie de Blois\" width=\"60\" height=\"60\"><\/a><a title=\" \" rel=\"lightbox[photo]\" href=\"officiel\/images\/concerts\/180414\/180414-05.jpg\"><img loading=\"lazy\" decoding=\"async\" src=\"officiel\/images\/concerts\/180414\/tn_180414-05.jpg\" alt=\"Harmonie de Blois\" width=\"60\" height=\"60\"><\/a><a title=\" \" rel=\"lightbox[photo]\" href=\"officiel\/images\/concerts\/180414\/180414-06.jpg\"><img loading=\"lazy\" decoding=\"async\" src=\"officiel\/images\/concerts\/180414\/tn_180414-06.jpg\" alt=\"Harmonie de Blois\" width=\"60\" height=\"60\"><\/a><a title=\" \" rel=\"lightbox[photo]\" href=\"officiel\/images\/concerts\/180414\/180414-07.jpg\"><img loading=\"lazy\" decoding=\"async\" src=\"officiel\/images\/concerts\/180414\/tn_180414-07.jpg\" alt=\"Harmonie de Blois\" width=\"60\" height=\"60\"><\/a><a title=\" \" rel=\"lightbox[photo]\" href=\"officiel\/images\/concerts\/180414\/180414-08.jpg\"><img loading=\"lazy\" decoding=\"async\" src=\"officiel\/images\/concerts\/180414\/tn_180414-08.jpg\" alt=\"Harmonie de Blois\" width=\"60\" height=\"60\"><\/a><a title=\" \" rel=\"lightbox[photo]\" href=\"officiel\/images\/concerts\/180414\/180414-09.jpg\"><img loading=\"lazy\" decoding=\"async\" src=\"officiel\/images\/concerts\/180414\/tn_180414-09.jpg\" alt=\"Harmonie de Blois\" width=\"60\" height=\"60\"><\/a><a title=\" \" rel=\"lightbox[photo]\" href=\"officiel\/images\/concerts\/180414\/180414-10.jpg\"><img loading=\"lazy\" decoding=\"async\" src=\"officiel\/images\/concerts\/180414\/tn_180414-10.jpg\" alt=\"Harmonie de Blois\" width=\"60\" height=\"60\"><\/a><a title=\" \" rel=\"lightbox[photo]\" href=\"officiel\/images\/concerts\/180414\/180414-11.jpg\"><img loading=\"lazy\" decoding=\"async\" src=\"officiel\/images\/concerts\/180414\/tn_180414-11.jpg\" alt=\"Harmonie de Blois\" width=\"60\" height=\"60\"><\/a><a title=\" \" rel=\"lightbox[photo]\" href=\"officiel\/images\/concerts\/180414\/180414-12.jpg\"><img loading=\"lazy\" decoding=\"async\" src=\"officiel\/images\/concerts\/180414\/tn_180414-12.jpg\" alt=\"Harmonie de Blois\" width=\"60\" height=\"60\"><\/a><a title=\" \" rel=\"lightbox[photo]\" href=\"officiel\/images\/concerts\/180414\/180414-13.jpg\"><img loading=\"lazy\" decoding=\"async\" src=\"officiel\/images\/concerts\/180414\/tn_180414-13.jpg\" alt=\"Harmonie de Blois\" width=\"60\" height=\"60\"><\/a><a title=\" \" rel=\"lightbox[photo]\" href=\"officiel\/images\/concerts\/180414\/180414-14.jpg\"><img loading=\"lazy\" decoding=\"async\" src=\"officiel\/images\/concerts\/180414\/tn_180414-14.jpg\" alt=\"Harmonie de Blois\" width=\"60\" height=\"60\"><\/a><a title=\" \" rel=\"lightbox[photo]\" href=\"officiel\/images\/concerts\/180414\/180414-15.jpg\"><img loading=\"lazy\" decoding=\"async\" src=\"officiel\/images\/concerts\/180414\/tn_180414-15.jpg\" alt=\"Harmonie de Blois\" width=\"60\" height=\"60\"><\/a><a title=\" \" rel=\"lightbox[photo]\" href=\"officiel\/images\/concerts\/180414\/180414-16.jpg\"><img loading=\"lazy\" decoding=\"async\" src=\"officiel\/images\/concerts\/180414\/tn_180414-16.jpg\" alt=\"Harmonie de Blois\" width=\"60\" height=\"60\"><\/a><a title=\" \" rel=\"lightbox[photo]\" href=\"officiel\/images\/concerts\/180414\/180414-17.jpg\"><img loading=\"lazy\" decoding=\"async\" src=\"officiel\/images\/concerts\/180414\/tn_180414-17.jpg\" alt=\"Harmonie de Blois\" width=\"60\" height=\"60\"><\/a><a title=\" \" rel=\"lightbox[photo]\" href=\"officiel\/images\/concerts\/180414\/180414-18.jpg\"><img loading=\"lazy\" decoding=\"async\" src=\"officiel\/images\/concerts\/180414\/tn_180414-18.jpg\" alt=\"Harmonie de Blois\" width=\"60\" height=\"60\"><\/a><a title=\" \" rel=\"lightbox[photo]\" href=\"officiel\/images\/concerts\/180414\/180414-19.jpg\"><img loading=\"lazy\" decoding=\"async\" src=\"officiel\/images\/concerts\/180414\/tn_180414-19.jpg\" alt=\"Harmonie de Blois\" width=\"60\" height=\"60\"><\/a><\/div>\n<p><strong>Articles de presse (\u00a9 <a href=\"http:\/\/www.lanouvellerepublique.fr\/\" target=\"_blank\">La Nouvelle R\u00e9publique<\/a> &nbsp;&#8211;&nbsp; <a href=\"http:\/\/www.larenaissance-41.com\/\" target=\"_blank\">La Renaissance du Loir et Cher<\/a> &nbsp;&#8211;&nbsp; <a href=\"http:\/\/www.30jours.fr\/\" target=\"_blank\">30 jours<\/a>) : <\/strong><\/p>\n<div class=\"media_concert_presse\">\n<a title=\"30 jours Pays Blaisois n\u00b062 - avril 2018\" rel=\"lightbox[presse]\" href=\"officiel\/images\/presse\/180414\/180414-01.jpg\"><img loading=\"lazy\" decoding=\"async\" src=\"officiel\/images\/presse\/180414\/tn_180414-01.jpg\" alt=\"\" width=\"120\" height=\"120\" \/><\/a><a title=\"La Nouvelle R\u00e9publique - 11 avril 2018\" rel=\"lightbox[presse]\" href=\"officiel\/images\/presse\/180414\/180414-02.jpg\"><img loading=\"lazy\" decoding=\"async\" src=\"officiel\/images\/presse\/180414\/tn_180414-02.jpg\" alt=\"\" width=\"120\" height=\"120\" \/><\/a><a title=\"La Renaissance - 13 avril 2018\" rel=\"lightbox[presse]\" href=\"officiel\/images\/presse\/180414\/180414-03.jpg\"><img loading=\"lazy\" decoding=\"async\" src=\"officiel\/images\/presse\/180414\/tn_180414-03.jpg\" alt=\"\" width=\"120\" height=\"120\" \/><\/a><a title=\"La Nouvelle R\u00e9publique - 17 avril 2018\" rel=\"lightbox[presse]\" href=\"officiel\/images\/presse\/180414\/180414-04.jpg\"><img loading=\"lazy\" decoding=\"async\" src=\"officiel\/images\/presse\/180414\/tn_180414-04.jpg\" alt=\"\" width=\"120\" height=\"120\" \/><\/a><a title=\"La Renaissance - 20 avril 2018\" rel=\"lightbox[presse]\" href=\"officiel\/images\/presse\/180414\/180414-05.jpg\"><img loading=\"lazy\" decoding=\"async\" src=\"officiel\/images\/presse\/180414\/tn_180414-05.jpg\" alt=\"\" width=\"120\" height=\"120\" \/><\/a>\n<\/div>\n<\/div>\n","protected":false},"excerpt":{"rendered":"<p>Lieu : Halle aux Grains de Blois Date : 14 avril 2018 &nbsp; Premi\u00e8re partie Canzone Elliot A. del Borgo Elliot A. Del Borgo est un musicien am\u00e9ricain (New York 1938 \u2013 2013).Il \u00e9tudie la trompette et la composition, avant d&rsquo;enseigner la pratique instrumentale dans les \u00e9coles primaires. Dipl\u00f4m\u00e9 de la Crane School of Music, [&hellip;]<\/p>\n","protected":false},"author":1,"featured_media":0,"parent":240,"menu_order":0,"comment_status":"open","ping_status":"open","template":"","meta":{"footnotes":""},"class_list":["post-879","page","type-page","status-publish","hentry"],"_links":{"self":[{"href":"https:\/\/www.harmoniedeblois.fr\/index.php?rest_route=\/wp\/v2\/pages\/879","targetHints":{"allow":["GET"]}}],"collection":[{"href":"https:\/\/www.harmoniedeblois.fr\/index.php?rest_route=\/wp\/v2\/pages"}],"about":[{"href":"https:\/\/www.harmoniedeblois.fr\/index.php?rest_route=\/wp\/v2\/types\/page"}],"author":[{"embeddable":true,"href":"https:\/\/www.harmoniedeblois.fr\/index.php?rest_route=\/wp\/v2\/users\/1"}],"replies":[{"embeddable":true,"href":"https:\/\/www.harmoniedeblois.fr\/index.php?rest_route=%2Fwp%2Fv2%2Fcomments&post=879"}],"version-history":[{"count":12,"href":"https:\/\/www.harmoniedeblois.fr\/index.php?rest_route=\/wp\/v2\/pages\/879\/revisions"}],"predecessor-version":[{"id":886,"href":"https:\/\/www.harmoniedeblois.fr\/index.php?rest_route=\/wp\/v2\/pages\/879\/revisions\/886"}],"up":[{"embeddable":true,"href":"https:\/\/www.harmoniedeblois.fr\/index.php?rest_route=\/wp\/v2\/pages\/240"}],"wp:attachment":[{"href":"https:\/\/www.harmoniedeblois.fr\/index.php?rest_route=%2Fwp%2Fv2%2Fmedia&parent=879"}],"curies":[{"name":"wp","href":"https:\/\/api.w.org\/{rel}","templated":true}]}}