{"id":996,"date":"2021-12-05T14:44:22","date_gmt":"2021-12-05T12:44:22","guid":{"rendered":"https:\/\/www.harmoniedeblois.fr\/?page_id=996"},"modified":"2022-03-13T18:29:00","modified_gmt":"2022-03-13T16:29:00","slug":"prochain-concert-noel-2021","status":"publish","type":"page","link":"https:\/\/www.harmoniedeblois.fr\/?page_id=996","title":{"rendered":"Concert de No\u00ebl 2021"},"content":{"rendered":"<p><a href=\"officiel\/images\/affiches\/HdB-211219.pdf\" target=\"_blank\" rel=\"noopener noreferrer\"><img decoding=\"async\" loading=\"lazy\" src=\"officiel\/images\/affiches\/211219.jpg\" alt=\"Affiche du concert\" class=\"alignleft\" width=\"70\" height=\"100\"><\/a><\/p>\n<div class=\"descriptif_concert\">\n<p>Lieu : Halle aux Grains de Blois<\/p>\n<p>Date : 19 d\u00e9cembre 2021<br \/>\nHoraire : 16h00<\/p>\n<\/div>\n<h3 class=\"entracte\">Premi\u00e8re partie (Harmonie de Blois)<\/h3>\n<div class=\"morceau\">\n<h4 class=\"morceau_titre\">Concertino pour Tuba et orchestre symphonique<br \/>\n<span class=\"morceau_titre2\">d\u00e9di\u00e9 \u00e0 Ad\u00e9lio CARNEIRO<\/span><\/h4>\n<p class=\"morceau_compositeur\">Carlos MARQUES<\/p>\n<div class=\"morceau_description\">\n<p>Carlos Marques est n\u00e9 \u00e0 Aveiro (Portugal) en 1973. \u00c0 l&rsquo;\u00e2ge de 10 ans, il commence l&rsquo;\u00e9tude de la trompette. Plus tard il \u00e9tudie la composition et la th\u00e9orie musicale \u00e0 l&rsquo;\u00e9cole de musique de l&rsquo;arm\u00e9e ainsi que la direction d&rsquo;orchestre aupr\u00e8s d&rsquo;illustres musiciens. Maintenant reconnu comme compositeur lui-m\u00eame, certaines de ses oeuvres ont \u00e9t\u00e9 choisies comme oeuvres impos\u00e9es dans divers concours en Europe. Il est fr\u00e9quemment invit\u00e9 \u00e0 \u00e9crire pour certains des musiciens les plus c\u00e9l\u00e8bres du Portugal.<\/p>\n<p>C&rsquo;est le cas de ce concertino qui fut compos\u00e9 pour le tubiste portugais Ad\u00e9lio CARNEIRO. Si le concerto est une forme musicale o\u00f9 un soliste dialogue avec un orchestre en trois mouvements (un rapide, un lent, un rapide), le concertino est une oeuvre plus br\u00e8ve, les trois mouvements s&rsquo;encha\u00eenant en une seule oeuvre musicale. Celui-ci \u00e9largit le r\u00e9pertoire assez restreint du tuba gr\u00e2ce \u00e0 une excellente orchestration.<\/p>\n<p><strong>Tuba : Nicolas BIGET<\/strong><\/p>\n<p>Actuellement Professeur d&rsquo;enseignement artistique au sein du CRD de Blois Agglopolys, il partage depuis plus de vingt ans son quotidien professionnel entre activit\u00e9 artistique de musicien et activit\u00e9 p\u00e9dagogique d&rsquo;enseignant, s&rsquo;attachant \u00e0 d\u00e9cloisonner les deux activit\u00e9s pour que l&rsquo;une alimente l&rsquo;autre.<br \/>\nSon parcours professionnel de musicien lui a permis de d\u00e9velopper un m\u00e9lange de rigueur et de curiosit\u00e9 en empruntant des chemins musicaux vari\u00e9s, de l&rsquo;orchestre symphonique \u00e0 l&rsquo;orchestre de rue en passant par le brass band, la musique de chambre ou le big band. Il acc\u00e8de aujourd&rsquo;hui \u00e0 un r\u00e9pertoire musical large, de la partition classique tr\u00e8s \u00e9crite \u00e0 l&rsquo;improvisation, de la lecture \u00e0 l&rsquo;oralit\u00e9, du spectacle sur sc\u00e8ne au travail de th\u00e9\u00e2tre de rue. Il joue r\u00e9guli\u00e8rement avec l&rsquo;orchestre \u00ab l&rsquo;inattendu de la fabrique op\u00e9ra val de Loire \u00bb : orchestre symphonique d&rsquo;Orl\u00e9ans&#8230; mais aussi dans le \u00ab brass band val de Loire \u00bb et le \u00ab brass band normandie \u00bb. Il dirige \u00e9galement l&rsquo;harmonie de Saint-Claude-Vineuil ainsi que le brass band \u00ab Cadences Brass \u00bb.<\/p>\n<\/div>\n<\/div>\n<hr>\n<div class=\"morceau\">\n<h4 class=\"morceau_titre\">Cape Horn<br \/>\n<span class=\"morceau_titre2\">Pour Cor (aujourd&rsquo;hui jou\u00e9 au saxhorn alto) et Orchestre<\/span><\/h4>\n<p class=\"morceau_compositeur\">Otto M. SCHWARZ<\/p>\n<div class=\"morceau_description\">\n<p>Otto M. SCHWARZ est un compositeur autrichien n\u00e9 en 1967. C&rsquo;est \u00e0 Vienne qu&rsquo;il \u00e9tudia la trompette puis la composition. Si la musique de film est son expression musicale de pr\u00e9dilection, il est soucieux d\u2019\u00e9largir le r\u00e9pertoire pour instrument soliste et Orchestre d\u2019Harmonie. C&rsquo;est ainsi qu&rsquo;est publi\u00e9 en 2008 Cape Horn. R\u00e9f\u00e9rence \u00e0 l&rsquo;instrument soliste pour lequel cette pi\u00e8ce fut compos\u00e9e, le cor d&rsquo;harmonie, qui se traduit par \u00ab horn \u00bb en anglais et en allemand et r\u00e9f\u00e9rence au Cap promontoire situ\u00e9 sur l\u2019\u00eele Horn dans le sud du Chili (le cap Horn). Le cap Horn a la r\u00e9putation d\u2019\u00eatre un cimeti\u00e8re marin. Plus de 800 navires et 10 000 hommes ont disparu dans les eaux glac\u00e9es au moment de passer le cap. Cette pi\u00e8ce refl\u00e8te la beaut\u00e9 et les dangers de cette r\u00e9gion.<\/p>\n<p><strong>Saxhorn alto : Anthony GALINIER<\/strong><\/p>\n<p>N\u00e9 le 29 Mai 1984 \u00e0 Ploemeur (56), il d\u00e9bute la trompette au CRD de Lorient o\u00f9 il obtient son dipl\u00f4me d\u2019\u00e9tude musicale en 2003. Il est en parall\u00e8le \u00e9l\u00e8ve au CRR d\u2019Angers o\u00f9 il obtient son DEM en 2004. Par la suite il obtient son prix de perfectionnement au CRD d\u2019Aubervilliers \u2013 La Courneuve en 2005. En 2005, il est admis au CNSMD de Lyon dans la classe de Thierry CAENS et de Christian L\u00c9GER o\u00f9 il obtient son Dipl\u00f4me National d\u2019\u00e9tude Sup\u00e9rieur de Musique en 2009. En 2013, il obtient son Master de musique de chambre. Il collabore avec de nombreux orchestres symphoniques tels que l\u2019Orchestre National d\u2019Ile de France, l\u2019Orchestre d\u2019Auvergne, l\u2019Orchestre National de Lyon, l\u2019Orchestre de l\u2019Op\u00e9ra de Lyon, l\u2019Orchestre National du Capitole de Toulouse ainsi que l\u2019Orchestre National de l\u2019Op\u00e9ra de Paris.<\/p>\n<p>D\u00e9sireux de partager ses connaissances musicales, il est professeur au Conservatoire de Limonest et, en Juillet 2010, il cr\u00e9e l\u2019Acad\u00e9mie de Cuivres et Percussions de Larmor-Plage. Ardent d\u00e9fenseur du mouvement brass band Fran\u00e7ais, il a l\u2019occasion de jouer en soliste avec le Paris Brass Band, le Brass Band Aeolus, le brass band de la Musique de l\u2019air de Paris, le Brass Band Lorient Bretagne Sud, le brass band de Lyon, le Brass Band Sagona, ExoBrass, le Brass Berry et le Brass Band Loire Forez. Il donne \u00e9galement de nombreuses masterclass et joue en soliste \u00e0 l&rsquo;\u00e9tranger (Taiwan, Japon, Hollande, Belgique, USA, Suisse\u2026). Il a \u00e9t\u00e9 membre du Paris Brass Band. Il est actuellement Saxhorn Alto Solo du brass band de la Musique de l\u2019air de Paris.<\/p>\n<\/div>\n<\/div>\n<hr>\n<div class=\"morceau\">\n<h4 class=\"morceau_titre\">Spartacus<br \/>\n<span class=\"morceau_titre2\"><\/span><\/h4>\n<p class=\"morceau_compositeur\">Jan Van der ROOST<\/p>\n<div class=\"morceau_description\">\n<p>La musique \u00e0 vent europ\u00e9enne d\u2019aujourd\u2019hui est d\u00e9finie par une g\u00e9n\u00e9ration de compositeurs qui, au cours des derni\u00e8res d\u00e9cennies, a enrichi ce r\u00e9pertoire par des compositions int\u00e9ressantes. L\u2019un des compositeurs les plus importants est sans doute Jan Van der Roost. N\u00e9 en Belgique en 1956, il est introduit aux grands noms du monde de la fanfare et de l\u2019orchestre d\u2019harmonie d\u00e8s son plus jeune \u00e2ge. Aujourd&rsquo;hui, ses compositions sont interpr\u00e9t\u00e9es et enregistr\u00e9es dans le monde entier.<\/p>\n<p>\u00c9dit\u00e9 en 1989, Spartacus est un \u00ab Po\u00e8me Symphonique \u00bb articul\u00e9 en trois sections, chacune ayant ses propres mat\u00e9riaux m\u00e9lodiques. La premi\u00e8re a un caract\u00e8re oriental, ce qui renvoie \u00e0 l&rsquo;origine des esclaves romains. Elle est construite sur une r\u00e9p\u00e9tition et une accumulation de structures m\u00e9lodiques et rythmiques qui aboutissent \u00e0 un point culminant fort et majestueux.<\/p>\n<p>La seconde section \u00e9voque un \u00e9pisode amoureux de Spartacus gr\u00e2ce \u00e0 une atmosph\u00e8re paisible. La derni\u00e8re section est plus agressive et martiale et fait r\u00e9f\u00e9rence \u00e0 la r\u00e9volte des esclaves contre les oppresseurs romains. Au milieu de ce mouvement, une accumulation des 12 tons symbolise la crucifixion des esclaves. Enfin, ce mouvement final reprend le th\u00e8me principal de la deuxi\u00e8me section qui revient dans un tutti \u00ab grandiose \u00bb.<\/p>\n<\/div>\n<\/div>\n<h3 class=\"entracte\">Deuxi\u00e8me partie (Cadence Brass)<\/h3>\n<div class=\"morceau\">\n<h4 class=\"morceau_titre\">Lohengrin<br \/>\n<span class=\"morceau_titre2\">Ouverture du 3<sup>\u00e8me<\/sup> acte<\/span><\/h4>\n<p class=\"morceau_compositeur\">Richard Wagner<br \/>\n<span class=\"morceau_arrangeur\">Arr : John Howarth<\/span><\/p>\n<\/div>\n<hr>\n<div class=\"morceau\">\n<h4 class=\"morceau_titre\">Florentiner March<br \/>\n<span class=\"morceau_titre2\"><\/span><\/h4>\n<p class=\"morceau_compositeur\">Julius Fucik<br \/>\n<span class=\"morceau_arrangeur\">Arr : Mnozil Brass<\/span><\/p>\n<\/div>\n<hr>\n<div class=\"morceau\">\n<h4 class=\"morceau_titre\">En trois couleurs<br \/>\n<span class=\"morceau_titre2\"><\/span><\/h4>\n<p class=\"morceau_compositeur\">Jean-Jacques Charles<\/p>\n<\/div>\n<hr>\n<div class=\"morceau\">\n<h4 class=\"morceau_titre\">Sosban fach<br \/>\n<span class=\"morceau_titre2\"><\/span><\/h4>\n<p class=\"morceau_compositeur\">Gareth Wood<\/p>\n<\/div>\n<hr>\n<div class=\"morceau\">\n<h4 class=\"morceau_titre\">Concert \u00e9tude op 49<br \/>\n<span class=\"morceau_titre2\"><\/span><\/h4>\n<p class=\"morceau_compositeur\">Alexander Goedicke<br \/>\n<span class=\"morceau_arrangeur\">Arr : Anthony Galinier<\/span><\/p>\n<\/div>\n<hr>\n<div class=\"morceau\">\n<h4 class=\"morceau_titre\">My bonny boy<br \/>\n<span class=\"morceau_titre2\"><\/span><\/h4>\n<p class=\"morceau_compositeur\">R.Vaughan Williams<br \/>\n<span class=\"morceau_arrangeur\">Arr : Franck Wright<\/span><\/p>\n<\/div>\n<hr>\n<div class=\"morceau\">\n<h4 class=\"morceau_titre\">Sabre dance<br \/>\n<span class=\"morceau_titre2\"><\/span><\/h4>\n<p class=\"morceau_compositeur\">Khatchaturian<br \/>\n<span class=\"morceau_arrangeur\">Arr : Graham Walker<\/span><\/p>\n<\/div>\n<hr>\n<div class=\"morceau\">\n<h4 class=\"morceau_titre\">Balkan dance<br \/>\n<span class=\"morceau_titre2\"><\/span><\/h4>\n<p class=\"morceau_compositeur\">Etienne Crausaz<\/p>\n<\/div>\n","protected":false},"excerpt":{"rendered":"<p>Lieu : Halle aux Grains de Blois Date : 19 d\u00e9cembre 2021 Horaire : 16h00 Premi\u00e8re partie (Harmonie de Blois) Concertino pour Tuba et orchestre symphonique d\u00e9di\u00e9 \u00e0 Ad\u00e9lio CARNEIRO Carlos MARQUES Carlos Marques est n\u00e9 \u00e0 Aveiro (Portugal) en 1973. \u00c0 l&rsquo;\u00e2ge de 10 ans, il commence l&rsquo;\u00e9tude de la trompette. Plus tard il [&hellip;]<\/p>\n","protected":false},"author":1,"featured_media":0,"parent":240,"menu_order":0,"comment_status":"closed","ping_status":"closed","template":"","meta":{"footnotes":""},"class_list":["post-996","page","type-page","status-publish","hentry"],"_links":{"self":[{"href":"https:\/\/www.harmoniedeblois.fr\/index.php?rest_route=\/wp\/v2\/pages\/996","targetHints":{"allow":["GET"]}}],"collection":[{"href":"https:\/\/www.harmoniedeblois.fr\/index.php?rest_route=\/wp\/v2\/pages"}],"about":[{"href":"https:\/\/www.harmoniedeblois.fr\/index.php?rest_route=\/wp\/v2\/types\/page"}],"author":[{"embeddable":true,"href":"https:\/\/www.harmoniedeblois.fr\/index.php?rest_route=\/wp\/v2\/users\/1"}],"replies":[{"embeddable":true,"href":"https:\/\/www.harmoniedeblois.fr\/index.php?rest_route=%2Fwp%2Fv2%2Fcomments&post=996"}],"version-history":[{"count":6,"href":"https:\/\/www.harmoniedeblois.fr\/index.php?rest_route=\/wp\/v2\/pages\/996\/revisions"}],"predecessor-version":[{"id":1013,"href":"https:\/\/www.harmoniedeblois.fr\/index.php?rest_route=\/wp\/v2\/pages\/996\/revisions\/1013"}],"up":[{"embeddable":true,"href":"https:\/\/www.harmoniedeblois.fr\/index.php?rest_route=\/wp\/v2\/pages\/240"}],"wp:attachment":[{"href":"https:\/\/www.harmoniedeblois.fr\/index.php?rest_route=%2Fwp%2Fv2%2Fmedia&parent=996"}],"curies":[{"name":"wp","href":"https:\/\/api.w.org\/{rel}","templated":true}]}}

Concert de Noël 2021

<p><a href="officiel/images/affiches/HdB-211219.pdf" target="_blank" rel="noopener noreferrer"><img decoding="async" loading="lazy" src="officiel/images/affiches/211219.jpg" alt="Affiche du concert" class="alignleft" width="70" height="100"></a></p>
<div class="descriptif_concert">
<p>Lieu : Halle aux Grains de Blois</p>
<p>Date : 19 décembre 2021<br />
Horaire : 16h00</p>
</div>
<h3 class="entracte">Première partie (Harmonie de Blois)</h3>
<div class="morceau">
<h4 class="morceau_titre">Concertino pour Tuba et orchestre symphonique<br />
<span class="morceau_titre2">dédié à Adélio CARNEIRO</span></h4>
<p class="morceau_compositeur">Carlos MARQUES</p>
<div class="morceau_description">
<p>Carlos Marques est né à Aveiro (Portugal) en 1973. À l&rsquo;âge de 10 ans, il commence l&rsquo;étude de la trompette. Plus tard il étudie la composition et la théorie musicale à l&rsquo;école de musique de l&rsquo;armée ainsi que la direction d&rsquo;orchestre auprès d&rsquo;illustres musiciens. Maintenant reconnu comme compositeur lui-même, certaines de ses oeuvres ont été choisies comme oeuvres imposées dans divers concours en Europe. Il est fréquemment invité à écrire pour certains des musiciens les plus célèbres du Portugal.</p>
<p>C&rsquo;est le cas de ce concertino qui fut composé pour le tubiste portugais Adélio CARNEIRO. Si le concerto est une forme musicale où un soliste dialogue avec un orchestre en trois mouvements (un rapide, un lent, un rapide), le concertino est une oeuvre plus brève, les trois mouvements s&rsquo;enchaînant en une seule oeuvre musicale. Celui-ci élargit le répertoire assez restreint du tuba grâce à une excellente orchestration.</p>
<p><strong>Tuba : Nicolas BIGET</strong></p>
<p>Actuellement Professeur d&rsquo;enseignement artistique au sein du CRD de Blois Agglopolys, il partage depuis plus de vingt ans son quotidien professionnel entre activité artistique de musicien et activité pédagogique d&rsquo;enseignant, s&rsquo;attachant à décloisonner les deux activités pour que l&rsquo;une alimente l&rsquo;autre.<br />
Son parcours professionnel de musicien lui a permis de développer un mélange de rigueur et de curiosité en empruntant des chemins musicaux variés, de l&rsquo;orchestre symphonique à l&rsquo;orchestre de rue en passant par le brass band, la musique de chambre ou le big band. Il accède aujourd&rsquo;hui à un répertoire musical large, de la partition classique très écrite à l&rsquo;improvisation, de la lecture à l&rsquo;oralité, du spectacle sur scène au travail de théâtre de rue. Il joue régulièrement avec l&rsquo;orchestre « l&rsquo;inattendu de la fabrique opéra val de Loire » : orchestre symphonique d&rsquo;Orléans&#8230; mais aussi dans le « brass band val de Loire » et le « brass band normandie ». Il dirige également l&rsquo;harmonie de Saint-Claude-Vineuil ainsi que le brass band « Cadences Brass ».</p>
</div>
</div>
<hr>
<div class="morceau">
<h4 class="morceau_titre">Cape Horn<br />
<span class="morceau_titre2">Pour Cor (aujourd&rsquo;hui joué au saxhorn alto) et Orchestre</span></h4>
<p class="morceau_compositeur">Otto M. SCHWARZ</p>
<div class="morceau_description">
<p>Otto M. SCHWARZ est un compositeur autrichien né en 1967. C&rsquo;est à Vienne qu&rsquo;il étudia la trompette puis la composition. Si la musique de film est son expression musicale de prédilection, il est soucieux d’élargir le répertoire pour instrument soliste et Orchestre d’Harmonie. C&rsquo;est ainsi qu&rsquo;est publié en 2008 Cape Horn. Référence à l&rsquo;instrument soliste pour lequel cette pièce fut composée, le cor d&rsquo;harmonie, qui se traduit par « horn » en anglais et en allemand et référence au Cap promontoire situé sur l’île Horn dans le sud du Chili (le cap Horn). Le cap Horn a la réputation d’être un cimetière marin. Plus de 800 navires et 10 000 hommes ont disparu dans les eaux glacées au moment de passer le cap. Cette pièce reflète la beauté et les dangers de cette région.</p>
<p><strong>Saxhorn alto : Anthony GALINIER</strong></p>
<p>Né le 29 Mai 1984 à Ploemeur (56), il débute la trompette au CRD de Lorient où il obtient son diplôme d’étude musicale en 2003. Il est en parallèle élève au CRR d’Angers où il obtient son DEM en 2004. Par la suite il obtient son prix de perfectionnement au CRD d’Aubervilliers – La Courneuve en 2005. En 2005, il est admis au CNSMD de Lyon dans la classe de Thierry CAENS et de Christian LÉGER où il obtient son Diplôme National d’étude Supérieur de Musique en 2009. En 2013, il obtient son Master de musique de chambre. Il collabore avec de nombreux orchestres symphoniques tels que l’Orchestre National d’Ile de France, l’Orchestre d’Auvergne, l’Orchestre National de Lyon, l’Orchestre de l’Opéra de Lyon, l’Orchestre National du Capitole de Toulouse ainsi que l’Orchestre National de l’Opéra de Paris.</p>
<p>Désireux de partager ses connaissances musicales, il est professeur au Conservatoire de Limonest et, en Juillet 2010, il crée l’Académie de Cuivres et Percussions de Larmor-Plage. Ardent défenseur du mouvement brass band Français, il a l’occasion de jouer en soliste avec le Paris Brass Band, le Brass Band Aeolus, le brass band de la Musique de l’air de Paris, le Brass Band Lorient Bretagne Sud, le brass band de Lyon, le Brass Band Sagona, ExoBrass, le Brass Berry et le Brass Band Loire Forez. Il donne également de nombreuses masterclass et joue en soliste à l&rsquo;étranger (Taiwan, Japon, Hollande, Belgique, USA, Suisse…). Il a été membre du Paris Brass Band. Il est actuellement Saxhorn Alto Solo du brass band de la Musique de l’air de Paris.</p>
</div>
</div>
<hr>
<div class="morceau">
<h4 class="morceau_titre">Spartacus<br />
<span class="morceau_titre2"></span></h4>
<p class="morceau_compositeur">Jan Van der ROOST</p>
<div class="morceau_description">
<p>La musique à vent européenne d’aujourd’hui est définie par une génération de compositeurs qui, au cours des dernières décennies, a enrichi ce répertoire par des compositions intéressantes. L’un des compositeurs les plus importants est sans doute Jan Van der Roost. Né en Belgique en 1956, il est introduit aux grands noms du monde de la fanfare et de l’orchestre d’harmonie dès son plus jeune âge. Aujourd&rsquo;hui, ses compositions sont interprétées et enregistrées dans le monde entier.</p>
<p>Édité en 1989, Spartacus est un « Poème Symphonique » articulé en trois sections, chacune ayant ses propres matériaux mélodiques. La première a un caractère oriental, ce qui renvoie à l&rsquo;origine des esclaves romains. Elle est construite sur une répétition et une accumulation de structures mélodiques et rythmiques qui aboutissent à un point culminant fort et majestueux.</p>
<p>La seconde section évoque un épisode amoureux de Spartacus grâce à une atmosphère paisible. La dernière section est plus agressive et martiale et fait référence à la révolte des esclaves contre les oppresseurs romains. Au milieu de ce mouvement, une accumulation des 12 tons symbolise la crucifixion des esclaves. Enfin, ce mouvement final reprend le thème principal de la deuxième section qui revient dans un tutti « grandiose ».</p>
</div>
</div>
<h3 class="entracte">Deuxième partie (Cadence Brass)</h3>
<div class="morceau">
<h4 class="morceau_titre">Lohengrin<br />
<span class="morceau_titre2">Ouverture du 3<sup>ème</sup> acte</span></h4>
<p class="morceau_compositeur">Richard Wagner<br />
<span class="morceau_arrangeur">Arr : John Howarth</span></p>
</div>
<hr>
<div class="morceau">
<h4 class="morceau_titre">Florentiner March<br />
<span class="morceau_titre2"></span></h4>
<p class="morceau_compositeur">Julius Fucik<br />
<span class="morceau_arrangeur">Arr : Mnozil Brass</span></p>
</div>
<hr>
<div class="morceau">
<h4 class="morceau_titre">En trois couleurs<br />
<span class="morceau_titre2"></span></h4>
<p class="morceau_compositeur">Jean-Jacques Charles</p>
</div>
<hr>
<div class="morceau">
<h4 class="morceau_titre">Sosban fach<br />
<span class="morceau_titre2"></span></h4>
<p class="morceau_compositeur">Gareth Wood</p>
</div>
<hr>
<div class="morceau">
<h4 class="morceau_titre">Concert étude op 49<br />
<span class="morceau_titre2"></span></h4>
<p class="morceau_compositeur">Alexander Goedicke<br />
<span class="morceau_arrangeur">Arr : Anthony Galinier</span></p>
</div>
<hr>
<div class="morceau">
<h4 class="morceau_titre">My bonny boy<br />
<span class="morceau_titre2"></span></h4>
<p class="morceau_compositeur">R.Vaughan Williams<br />
<span class="morceau_arrangeur">Arr : Franck Wright</span></p>
</div>
<hr>
<div class="morceau">
<h4 class="morceau_titre">Sabre dance<br />
<span class="morceau_titre2"></span></h4>
<p class="morceau_compositeur">Khatchaturian<br />
<span class="morceau_arrangeur">Arr : Graham Walker</span></p>
</div>
<hr>
<div class="morceau">
<h4 class="morceau_titre">Balkan dance<br />
<span class="morceau_titre2"></span></h4>
<p class="morceau_compositeur">Etienne Crausaz</p>
</div>

<p>Lieu : Halle aux Grains de Blois Date : 19 décembre 2021 Horaire : 16h00 Première partie (Harmonie de Blois) Concertino pour Tuba et orchestre symphonique dédié à Adélio CARNEIRO Carlos MARQUES Carlos Marques est né à Aveiro (Portugal) en 1973. À l&rsquo;âge de 10 ans, il commence l&rsquo;étude de la trompette. Plus tard il [&hellip;]</p>
